CRAN Package Check Results for Package rolap

Last updated on 2024-04-15 10:51:00 CEST.

Flavor Version Tinstall Tcheck Ttotal Status Flags
r-devel-linux-x86_64-debian-clang 2.5.1 19.25 473.87 493.12 OK
r-devel-linux-x86_64-debian-gcc 2.5.1 19.80 344.76 364.56 OK
r-devel-linux-x86_64-fedora-clang 2.5.1 600.16 NOTE
r-devel-linux-x86_64-fedora-gcc 2.5.1 598.82 OK
r-prerel-macos-arm64 2.5.1 139.00 NOTE
r-prerel-windows-x86_64 2.5.1 25.00 331.00 356.00 NOTE
r-patched-linux-x86_64 2.5.1 24.36 451.51 475.87 OK
r-release-linux-x86_64 2.5.1 15.12 462.01 477.13 OK
r-release-macos-arm64 2.5.1 157.00 NOTE
r-release-macos-x86_64 2.5.1 413.00 NOTE
r-release-windows-x86_64 2.5.1 32.00 452.00 484.00 NOTE
r-oldrel-macos-arm64 2.5.1 148.00 NOTE
r-oldrel-windows-x86_64 2.5.1 32.00 403.00 435.00 NOTE

Check Details

Version: 2.5.1
Check: installed package size
Result: NOTE installed size is 17.5Mb sub-directories of 1Mb or more: doc 15.2Mb Flavors: r-devel-linux-x86_64-fedora-clang, r-prerel-macos-arm64, r-prerel-windows-x86_64, r-release-macos-arm64, r-release-macos-x86_64, r-release-windows-x86_64, r-oldrel-macos-arm64, r-oldrel-windows-x86_64