CRAN Package Check Results for Package roll

Last updated on 2021-05-18 01:48:30 CEST.

Flavor Version Tinstall Tcheck Ttotal Status Flags
r-devel-linux-x86_64-debian-clang 1.1.6 58.14 30.30 88.44 NOTE
r-devel-linux-x86_64-debian-gcc 1.1.6 47.46 23.64 71.10 NOTE
r-devel-linux-x86_64-fedora-clang 1.1.6 127.27 NOTE
r-devel-linux-x86_64-fedora-gcc 1.1.6 124.72 NOTE
r-devel-windows-ix86+x86_64 1.1.6 137.00 66.00 203.00 NOTE
r-devel-windows-x86_64-gcc10-UCRT 1.1.6 NOTE
r-patched-linux-x86_64 1.1.6 52.64 29.14 81.78 NOTE
r-patched-solaris-x86 1.1.6 121.70 NOTE
r-release-linux-x86_64 1.1.6 54.62 28.86 83.48 NOTE
r-release-macos-x86_64 1.1.6 NOTE
r-release-windows-ix86+x86_64 1.1.6 103.00 68.00 171.00 NOTE
r-oldrel-macos-x86_64 1.1.6 NOTE
r-oldrel-windows-ix86+x86_64 1.1.6 94.00 83.00 177.00 NOTE

Check Details

Version: 1.1.6
Check: for GNU extensions in Makefiles
Result: NOTE
    GNU make is a SystemRequirements.
Flavors: r-devel-linux-x86_64-debian-clang, r-devel-linux-x86_64-debian-gcc, r-devel-linux-x86_64-fedora-clang, r-devel-linux-x86_64-fedora-gcc, r-devel-windows-ix86+x86_64, r-devel-windows-x86_64-gcc10-UCRT, r-patched-linux-x86_64, r-patched-solaris-x86, r-release-linux-x86_64, r-release-macos-x86_64, r-release-windows-ix86+x86_64, r-oldrel-macos-x86_64, r-oldrel-windows-ix86+x86_64

Version: 1.1.6
Check: installed package size
Result: NOTE
     installed size is 5.9Mb
     sub-directories of 1Mb or more:
     libs 5.7Mb
Flavors: r-release-macos-x86_64, r-oldrel-macos-x86_64