CRAN Package Check Results for Package rollinglda

Last updated on 2021-10-17 14:48:32 CEST.

Flavor Version Tinstall Tcheck Ttotal Status Flags
r-devel-linux-x86_64-debian-clang 0.1.0 9.33 153.03 162.36 OK
r-devel-linux-x86_64-debian-gcc 0.1.0 7.09 108.66 115.75 OK
r-devel-linux-x86_64-fedora-clang 0.1.0 196.14 NOTE
r-devel-linux-x86_64-fedora-gcc 0.1.0 178.43 NOTE
r-devel-windows-x86_64 0.1.0 17.00 151.00 168.00 OK
r-devel-windows-x86_64-gcc10-UCRT 0.1.0 NOTE
r-patched-linux-x86_64 0.1.0 14.68 140.10 154.78 OK
r-patched-solaris-x86 0.1.0 248.60 NOTE
r-release-linux-x86_64 0.1.0 9.49 136.10 145.59 OK
r-release-macos-arm64 0.1.0 NOTE
r-release-macos-x86_64 0.1.0 NOTE
r-release-windows-ix86+x86_64 0.1.0 35.00 280.00 315.00 OK
r-oldrel-macos-x86_64 0.1.0 NOTE
r-oldrel-windows-ix86+x86_64 0.1.0 25.00 285.00 310.00 OK

Check Details

Version: 0.1.0
Check: data for non-ASCII characters
Result: NOTE
     Note: found 261 marked UTF-8 strings
Flavors: r-devel-linux-x86_64-fedora-clang, r-devel-linux-x86_64-fedora-gcc, r-devel-windows-x86_64-gcc10-UCRT, r-patched-solaris-x86, r-release-macos-arm64, r-release-macos-x86_64, r-oldrel-macos-x86_64