Last updated on 2023-12-03 06:02:58 CET.
Flavor | Version | Tinstall | Tcheck | Ttotal | Status | Flags |
---|---|---|---|---|---|---|
r-devel-linux-x86_64-debian-clang | 0.1-1 | 3.20 | 30.91 | 34.11 | NOTE | |
r-devel-linux-x86_64-debian-gcc | 0.1-1 | 2.42 | 23.93 | 26.35 | NOTE | |
r-devel-linux-x86_64-fedora-clang | 0.1-1 | 42.35 | NOTE | |||
r-devel-linux-x86_64-fedora-gcc | 0.1-1 | 39.84 | NOTE | |||
r-devel-windows-x86_64 | 0.1-1 | 4.00 | 46.00 | 50.00 | NOTE | |
r-patched-linux-x86_64 | 0.1-1 | 3.57 | 30.42 | 33.99 | OK | |
r-release-linux-x86_64 | 0.1-1 | 3.26 | 30.36 | 33.62 | OK | |
r-release-macos-arm64 | 0.1-1 | 21.00 | OK | |||
r-release-macos-x86_64 | 0.1-1 | 25.00 | OK | |||
r-release-windows-x86_64 | 0.1-1 | 3.00 | 47.00 | 50.00 | OK | |
r-oldrel-macos-arm64 | 0.1-1 | 19.00 | OK | |||
r-oldrel-macos-x86_64 | 0.1-1 | 26.00 | OK | |||
r-oldrel-windows-x86_64 | 0.1-1 | 5.00 | 53.00 | 58.00 | OK |
Version: 0.1-1
Check: Rd contents
Result: NOTE
Auto-generated content requiring editing in Rd file 'roloc-package.Rd':
\references: ‘~~ Literature or other references for background information ~~’
\seealso: ‘~~ Optional links to other man pages, e.g. ~~’
Flavors: r-devel-linux-x86_64-debian-clang, r-devel-linux-x86_64-debian-gcc, r-devel-linux-x86_64-fedora-clang, r-devel-linux-x86_64-fedora-gcc, r-devel-windows-x86_64