CRAN Package Check Results for Package rolypoly

Last updated on 2019-01-16 09:50:48 CET.

Flavor Version Tinstall Tcheck Ttotal Status Flags
r-devel-linux-x86_64-debian-clang 0.1.0 3.35 136.11 139.46 OK
r-devel-linux-x86_64-debian-gcc 0.1.0 3.31 215.03 218.34 OK
r-devel-linux-x86_64-fedora-clang 0.1.0 93.95 NOTE
r-devel-linux-x86_64-fedora-gcc 0.1.0 127.77 NOTE
r-devel-windows-ix86+x86_64 0.1.0 8.00 101.00 109.00 OK
r-patched-linux-x86_64 0.1.0 3.88 184.73 188.61 OK
r-patched-solaris-x86 0.1.0 134.10 NOTE
r-release-linux-x86_64 0.1.0 4.13 188.88 193.01 OK
r-release-windows-ix86+x86_64 0.1.0 10.00 92.00 102.00 OK
r-release-osx-x86_64 0.1.0 NOTE
r-oldrel-windows-ix86+x86_64 0.1.0 11.00 93.00 104.00 OK
r-oldrel-osx-x86_64 0.1.0 NOTE

Check Details

Version: 0.1.0
Check: dependencies in R code
Result: NOTE
    Namespace in Imports field not imported from: ‘matrixcalc’
     All declared Imports should be used.
Flavors: r-devel-linux-x86_64-fedora-clang, r-devel-linux-x86_64-fedora-gcc, r-patched-solaris-x86, r-release-osx-x86_64, r-oldrel-osx-x86_64