CRAN Package Check Results for Package rolypoly

Last updated on 2018-11-20 18:48:05 CET.

Flavor Version Tinstall Tcheck Ttotal Status Flags
r-devel-linux-x86_64-debian-clang 0.1.0 3.81 77.53 81.34 OK
r-devel-linux-x86_64-debian-gcc 0.1.0 3.45 60.32 63.77 OK
r-devel-linux-x86_64-fedora-clang 0.1.0 93.74 NOTE
r-devel-linux-x86_64-fedora-gcc 0.1.0 89.40 NOTE
r-devel-windows-ix86+x86_64 0.1.0 14.00 125.00 139.00 OK
r-patched-linux-x86_64 0.1.0 3.04 73.09 76.13 OK
r-patched-solaris-x86 0.1.0 130.10 NOTE
r-release-linux-x86_64 0.1.0 4.09 74.06 78.15 OK
r-release-windows-ix86+x86_64 0.1.0 7.00 130.00 137.00 OK
r-release-osx-x86_64 0.1.0 NOTE
r-oldrel-windows-ix86+x86_64 0.1.0 8.00 123.00 131.00 OK
r-oldrel-osx-x86_64 0.1.0 NOTE

Check Details

Version: 0.1.0
Check: dependencies in R code
Result: NOTE
    Namespace in Imports field not imported from: ‘matrixcalc’
     All declared Imports should be used.
Flavors: r-devel-linux-x86_64-fedora-clang, r-devel-linux-x86_64-fedora-gcc, r-patched-solaris-x86, r-release-osx-x86_64, r-oldrel-osx-x86_64