CRAN Package Check Results for Package rolypoly

Last updated on 2019-08-20 22:47:26 CEST.

Flavor Version Tinstall Tcheck Ttotal Status Flags
r-devel-linux-x86_64-debian-clang 0.1.0 5.73 109.67 115.40 OK
r-devel-linux-x86_64-debian-gcc 0.1.0 4.24 135.30 139.54 OK
r-devel-linux-x86_64-fedora-clang 0.1.0 123.83 NOTE
r-devel-linux-x86_64-fedora-gcc 0.1.0 80.40 NOTE
r-devel-windows-ix86+x86_64 0.1.0 21.00 102.00 123.00 OK
r-patched-linux-x86_64 0.1.0 4.63 128.09 132.72 OK
r-patched-solaris-x86 0.1.0 138.30 NOTE
r-release-linux-x86_64 0.1.0 5.80 132.85 138.65 OK
r-release-windows-ix86+x86_64 0.1.0 13.00 91.00 104.00 OK
r-release-osx-x86_64 0.1.0 NOTE
r-oldrel-windows-ix86+x86_64 0.1.0 11.00 132.00 143.00 OK
r-oldrel-osx-x86_64 0.1.0 NOTE

Check Details

Version: 0.1.0
Check: dependencies in R code
Result: NOTE
    Namespace in Imports field not imported from: ‘matrixcalc’
     All declared Imports should be used.
Flavors: r-devel-linux-x86_64-fedora-clang, r-devel-linux-x86_64-fedora-gcc, r-patched-solaris-x86, r-release-osx-x86_64, r-oldrel-osx-x86_64