CRAN Package Check Results for Package rolypoly

Last updated on 2018-07-19 05:49:28 CEST.

Flavor Version Tinstall Tcheck Ttotal Status Flags
r-devel-linux-x86_64-debian-clang 0.1.0 3.85 76.41 80.26 OK
r-devel-linux-x86_64-debian-gcc 0.1.0 3.29 66.78 70.07 OK
r-devel-linux-x86_64-fedora-clang 0.1.0 98.51 NOTE
r-devel-linux-x86_64-fedora-gcc 0.1.0 100.06 NOTE
r-devel-windows-ix86+x86_64 0.1.0 11.00 156.00 167.00 OK
r-patched-linux-x86_64 0.1.0 4.01 73.74 77.75 OK
r-patched-solaris-x86 0.1.0 125.10 NOTE
r-release-linux-x86_64 0.1.0 3.43 74.04 77.47 OK
r-release-windows-ix86+x86_64 0.1.0 15.00 125.00 140.00 OK
r-release-osx-x86_64 0.1.0 NOTE
r-oldrel-windows-ix86+x86_64 0.1.0 11.00 90.00 101.00 OK
r-oldrel-osx-x86_64 0.1.0 NOTE

Check Details

Version: 0.1.0
Check: dependencies in R code
Result: NOTE
    Namespace in Imports field not imported from: ‘matrixcalc’
     All declared Imports should be used.
Flavors: r-devel-linux-x86_64-fedora-clang, r-devel-linux-x86_64-fedora-gcc, r-patched-solaris-x86, r-release-osx-x86_64, r-oldrel-osx-x86_64