CRAN Package Check Results for Package rolypoly

Last updated on 2019-05-24 21:47:59 CEST.

Flavor Version Tinstall Tcheck Ttotal Status Flags
r-devel-linux-x86_64-debian-clang 0.1.0 5.25 112.89 118.14 OK
r-devel-linux-x86_64-debian-gcc 0.1.0 4.29 146.65 150.94 OK
r-devel-linux-x86_64-fedora-clang 0.1.0 125.78 NOTE
r-devel-linux-x86_64-fedora-gcc 0.1.0 89.94 NOTE
r-devel-windows-ix86+x86_64 0.1.0 13.00 93.00 106.00 OK
r-patched-linux-x86_64 0.1.0 OK
r-patched-solaris-x86 0.1.0 136.00 NOTE
r-release-linux-x86_64 0.1.0 4.71 121.52 126.23 OK
r-release-windows-ix86+x86_64 0.1.0 22.00 124.00 146.00 OK
r-release-osx-x86_64 0.1.0 NOTE
r-oldrel-windows-ix86+x86_64 0.1.0 13.00 129.00 142.00 OK
r-oldrel-osx-x86_64 0.1.0 NOTE

Check Details

Version: 0.1.0
Check: dependencies in R code
Result: NOTE
    Namespace in Imports field not imported from: ‘matrixcalc’
     All declared Imports should be used.
Flavors: r-devel-linux-x86_64-fedora-clang, r-devel-linux-x86_64-fedora-gcc, r-patched-solaris-x86, r-release-osx-x86_64, r-oldrel-osx-x86_64