CRAN Package Check Results for Package rolypoly

Last updated on 2018-04-23 08:50:52 CEST.

Flavor Version Tinstall Tcheck Ttotal Status Flags
r-devel-linux-x86_64-debian-clang 0.1.0 2.96 68.41 71.37 OK
r-devel-linux-x86_64-debian-gcc 0.1.0 2.53 55.32 57.85 OK
r-devel-linux-x86_64-fedora-clang 0.1.0 88.84 NOTE
r-devel-linux-x86_64-fedora-gcc 0.1.0 86.40 NOTE
r-devel-windows-ix86+x86_64 0.1.0 12.00 80.00 92.00 OK
r-devel-osx-x86_64 0.1.0 NOTE
r-patched-linux-x86_64 0.1.0 2.72 73.26 75.98 OK
r-patched-solaris-x86 0.1.0 122.10 NOTE
r-release-linux-x86_64 0.1.0 2.90 76.96 79.86 OK
r-release-windows-ix86+x86_64 0.1.0 8.00 87.00 95.00 OK
r-release-osx-x86_64 0.1.0 NOTE
r-oldrel-windows-ix86+x86_64 0.1.0 9.00 77.00 86.00 OK

Check Details

Version: 0.1.0
Check: dependencies in R code
Result: NOTE
    Namespace in Imports field not imported from: ‘matrixcalc’
     All declared Imports should be used.
Flavors: r-devel-linux-x86_64-fedora-clang, r-devel-linux-x86_64-fedora-gcc, r-devel-osx-x86_64, r-patched-solaris-x86, r-release-osx-x86_64