CRAN Package Check Results for Package rolypoly

Last updated on 2018-01-22 20:47:43 CET.

Flavor Version Tinstall Tcheck Ttotal Status Flags
r-devel-linux-x86_64-debian-clang 0.1.0 2.62 70.76 73.38 OK
r-devel-linux-x86_64-debian-gcc 0.1.0 2.26 60.13 62.39 OK
r-devel-linux-x86_64-fedora-clang 0.1.0 93.66 NOTE
r-devel-linux-x86_64-fedora-gcc 0.1.0 94.99 NOTE
r-devel-windows-ix86+x86_64 0.1.0 7.00 89.00 96.00 OK
r-patched-linux-x86_64 0.1.0 1.92 80.71 82.63 OK
r-patched-solaris-x86 0.1.0 128.10 NOTE
r-release-linux-x86_64 0.1.0 1.94 80.87 82.81 OK
r-release-windows-ix86+x86_64 0.1.0 10.00 92.00 102.00 OK
r-release-osx-x86_64 0.1.0 NOTE
r-oldrel-windows-ix86+x86_64 0.1.0 9.00 85.00 94.00 OK
r-oldrel-osx-x86_64 0.1.0 NOTE

Check Details

Version: 0.1.0
Check: dependencies in R code
Result: NOTE
    Namespace in Imports field not imported from: ‘matrixcalc’
     All declared Imports should be used.
Flavors: r-devel-linux-x86_64-fedora-clang, r-devel-linux-x86_64-fedora-gcc, r-patched-solaris-x86, r-release-osx-x86_64, r-oldrel-osx-x86_64