CRAN Package Check Results for Package rolypoly

Last updated on 2018-09-24 07:48:29 CEST.

Flavor Version Tinstall Tcheck Ttotal Status Flags
r-devel-linux-x86_64-debian-clang 0.1.0 4.41 83.32 87.73 OK
r-devel-linux-x86_64-debian-gcc 0.1.0 3.40 64.83 68.23 OK
r-devel-linux-x86_64-fedora-clang 0.1.0 103.50 NOTE
r-devel-linux-x86_64-fedora-gcc 0.1.0 100.28 NOTE
r-devel-windows-ix86+x86_64 0.1.0 13.00 131.00 144.00 OK
r-patched-linux-x86_64 0.1.0 3.61 73.27 76.88 OK
r-patched-solaris-x86 0.1.0 123.00 NOTE
r-release-linux-x86_64 0.1.0 3.46 74.05 77.51 OK
r-release-windows-ix86+x86_64 0.1.0 9.00 123.00 132.00 OK
r-release-osx-x86_64 0.1.0 NOTE
r-oldrel-windows-ix86+x86_64 0.1.0 6.00 116.00 122.00 OK
r-oldrel-osx-x86_64 0.1.0 NOTE

Check Details

Version: 0.1.0
Check: dependencies in R code
Result: NOTE
    Namespace in Imports field not imported from: ‘matrixcalc’
     All declared Imports should be used.
Flavors: r-devel-linux-x86_64-fedora-clang, r-devel-linux-x86_64-fedora-gcc, r-patched-solaris-x86, r-release-osx-x86_64, r-oldrel-osx-x86_64