Last updated on 2025-04-17 22:49:01 CEST.
Flavor | Version | Tinstall | Tcheck | Ttotal | Status | Flags |
---|---|---|---|---|---|---|
r-devel-linux-x86_64-debian-clang | 1.1.3 | 10.41 | 84.70 | 95.11 | NOTE | |
r-devel-linux-x86_64-debian-gcc | 1.1.3 | 6.46 | 61.92 | 68.38 | NOTE | |
r-devel-linux-x86_64-fedora-clang | 1.1.3 | 162.24 | NOTE | |||
r-devel-linux-x86_64-fedora-gcc | 1.1.3 | 188.01 | NOTE | |||
r-devel-windows-x86_64 | 1.1.3 | 14.00 | 108.00 | 122.00 | NOTE | |
r-patched-linux-x86_64 | 1.1.3 | 11.50 | 81.36 | 92.86 | NOTE | |
r-release-linux-x86_64 | 1.1.3 | 7.32 | 80.52 | 87.84 | NOTE | |
r-release-macos-arm64 | 1.1.3 | 54.00 | NOTE | |||
r-release-macos-x86_64 | 1.1.3 | 168.00 | NOTE | |||
r-release-windows-x86_64 | 1.1.3 | 14.00 | 107.00 | 121.00 | NOTE | |
r-oldrel-macos-arm64 | 1.1.3 | 58.00 | NOTE | |||
r-oldrel-macos-x86_64 | 1.1.3 | 89.00 | NOTE | |||
r-oldrel-windows-x86_64 | 1.1.3 | 16.00 | 128.00 | 144.00 | NOTE |
Version: 1.1.3
Check: Rd files
Result: NOTE
checkRd: (-1) update_tidy_omic.Rd:16-17: Lost braces
16 | in \code{updated_tidy_data} (names) and the table {features, samples,
| ^
Flavors: r-devel-linux-x86_64-debian-clang, r-devel-linux-x86_64-debian-gcc, r-devel-linux-x86_64-fedora-clang, r-devel-linux-x86_64-fedora-gcc, r-devel-windows-x86_64, r-patched-linux-x86_64, r-release-linux-x86_64, r-release-macos-arm64, r-release-macos-x86_64, r-release-windows-x86_64, r-oldrel-macos-arm64, r-oldrel-macos-x86_64, r-oldrel-windows-x86_64