CRAN Package Check Results for Package rootWishart

Last updated on 2019-04-25 15:54:16 CEST.

Flavor Version Tinstall Tcheck Ttotal Status Flags
r-devel-linux-x86_64-debian-clang 0.4.1 102.36 44.24 146.60 OK
r-devel-linux-x86_64-debian-gcc 0.4.1 91.08 41.27 132.35 OK
r-devel-linux-x86_64-fedora-clang 0.4.1 221.27 NOTE
r-devel-linux-x86_64-fedora-gcc 0.4.1 207.55 OK
r-devel-windows-ix86+x86_64 0.4.1 235.00 192.00 427.00 OK
r-patched-linux-x86_64 0.4.1 104.35 49.92 154.27 OK
r-patched-solaris-x86 0.4.1 336.90 OK
r-release-linux-x86_64 0.4.1 105.36 49.29 154.65 OK
r-release-windows-ix86+x86_64 0.4.1 175.00 187.00 362.00 OK
r-release-osx-x86_64 0.4.1 NOTE
r-oldrel-windows-ix86+x86_64 0.4.1 176.00 142.00 318.00 OK
r-oldrel-osx-x86_64 0.4.1 NOTE

Check Details

Version: 0.4.1
Check: installed package size
Result: NOTE
     installed size is 19.5Mb
     sub-directories of 1Mb or more:
     libs 19.4Mb
Flavors: r-devel-linux-x86_64-fedora-clang, r-release-osx-x86_64, r-oldrel-osx-x86_64