CRAN Package Check Results for Package roptions

Last updated on 2024-04-13 14:49:38 CEST.

Flavor Version Tinstall Tcheck Ttotal Status Flags
r-devel-linux-x86_64-debian-clang 1.0.3 7.51 63.83 71.34 NOTE
r-devel-linux-x86_64-debian-gcc 1.0.3 6.63 48.00 54.63 NOTE
r-devel-linux-x86_64-fedora-clang 1.0.3 88.71 NOTE
r-devel-linux-x86_64-fedora-gcc 1.0.3 84.68 NOTE
r-devel-windows-x86_64 1.0.3 8.00 71.00 79.00 NOTE
r-patched-linux-x86_64 1.0.3 7.64 61.73 69.37 NOTE
r-release-linux-x86_64 1.0.3 6.57 59.80 66.37 NOTE
r-release-macos-arm64 1.0.3 28.00 NOTE
r-release-macos-x86_64 1.0.3 44.00 NOTE
r-release-windows-x86_64 1.0.3 10.00 76.00 86.00 NOTE
r-oldrel-macos-arm64 1.0.3 30.00 NOTE
r-oldrel-windows-x86_64 1.0.3 11.00 81.00 92.00 NOTE

Check Details

Version: 1.0.3
Check: LazyData
Result: NOTE 'LazyData' is specified without a 'data' directory Flavors: r-devel-linux-x86_64-debian-clang, r-devel-linux-x86_64-debian-gcc, r-devel-linux-x86_64-fedora-clang, r-devel-linux-x86_64-fedora-gcc, r-devel-windows-x86_64, r-patched-linux-x86_64, r-release-linux-x86_64, r-release-macos-arm64, r-release-macos-x86_64, r-release-windows-x86_64, r-oldrel-macos-arm64, r-oldrel-windows-x86_64