CRAN Package Check Results for Package roptions

Last updated on 2022-08-19 07:50:02 CEST.

Flavor Version Tinstall Tcheck Ttotal Status Flags
r-devel-linux-x86_64-debian-clang 1.0.3 8.80 69.48 78.28 NOTE
r-devel-linux-x86_64-debian-gcc 1.0.3 6.81 52.21 59.02 NOTE
r-devel-linux-x86_64-fedora-clang 1.0.3 103.21 NOTE
r-devel-linux-x86_64-fedora-gcc 1.0.3 98.20 NOTE
r-devel-windows-x86_64 1.0.3 30.00 97.00 127.00 NOTE
r-patched-linux-x86_64 1.0.3 8.25 64.46 72.71 NOTE
r-release-linux-x86_64 1.0.3 NOTE
r-release-macos-arm64 1.0.3 30.00 NOTE
r-release-macos-x86_64 1.0.3 50.00 NOTE
r-release-windows-x86_64 1.0.3 27.00 108.00 135.00 NOTE
r-oldrel-macos-arm64 1.0.3 35.00 NOTE
r-oldrel-macos-x86_64 1.0.3 51.00 NOTE
r-oldrel-windows-ix86+x86_64 1.0.3 24.00 98.00 122.00 NOTE

Check Details

Version: 1.0.3
Check: LazyData
Result: NOTE
     'LazyData' is specified without a 'data' directory
Flavors: r-devel-linux-x86_64-debian-clang, r-devel-linux-x86_64-debian-gcc, r-devel-linux-x86_64-fedora-clang, r-devel-linux-x86_64-fedora-gcc, r-devel-windows-x86_64, r-patched-linux-x86_64, r-release-linux-x86_64, r-release-macos-arm64, r-release-macos-x86_64, r-release-windows-x86_64, r-oldrel-macos-arm64, r-oldrel-macos-x86_64, r-oldrel-windows-ix86+x86_64