CRAN Package Check Results for Package roptions

Last updated on 2022-11-27 09:53:38 CET.

Flavor Version Tinstall Tcheck Ttotal Status Flags
r-devel-linux-x86_64-debian-clang 1.0.3 8.85 69.24 78.09 NOTE
r-devel-linux-x86_64-debian-gcc 1.0.3 5.94 52.79 58.73 NOTE
r-devel-linux-x86_64-fedora-clang 1.0.3 107.57 NOTE
r-devel-linux-x86_64-fedora-gcc 1.0.3 107.62 NOTE
r-devel-windows-x86_64 1.0.3 36.00 103.00 139.00 NOTE
r-patched-linux-x86_64 1.0.3 6.35 63.70 70.05 NOTE
r-release-linux-x86_64 1.0.3 5.54 65.07 70.61 NOTE
r-release-macos-arm64 1.0.3 30.00 NOTE
r-release-macos-x86_64 1.0.3 50.00 NOTE
r-release-windows-x86_64 1.0.3 26.00 101.00 127.00 NOTE
r-oldrel-macos-arm64 1.0.3 35.00 NOTE
r-oldrel-macos-x86_64 1.0.3 51.00 NOTE
r-oldrel-windows-ix86+x86_64 1.0.3 19.00 91.00 110.00 NOTE

Check Details

Version: 1.0.3
Check: LazyData
Result: NOTE
     'LazyData' is specified without a 'data' directory
Flavors: r-devel-linux-x86_64-debian-clang, r-devel-linux-x86_64-debian-gcc, r-devel-linux-x86_64-fedora-clang, r-devel-linux-x86_64-fedora-gcc, r-devel-windows-x86_64, r-patched-linux-x86_64, r-release-linux-x86_64, r-release-macos-arm64, r-release-macos-x86_64, r-release-windows-x86_64, r-oldrel-macos-arm64, r-oldrel-macos-x86_64, r-oldrel-windows-ix86+x86_64