CRAN Package Check Results for Package rosm

Last updated on 2021-11-27 11:52:55 CET.

Flavor Version Tinstall Tcheck Ttotal Status Flags
r-devel-linux-x86_64-debian-clang 0.2.5 NOTE
r-devel-linux-x86_64-debian-gcc 0.2.5 2.42 34.09 36.51 NOTE
r-devel-linux-x86_64-fedora-clang 0.2.5 67.29 NOTE
r-devel-linux-x86_64-fedora-gcc 0.2.5 56.19 NOTE
r-devel-windows-x86_64-new-UL 0.2.5 12.00 85.00 97.00 NOTE
r-devel-windows-x86_64-new-TK 0.2.5 NOTE
r-devel-windows-x86_64-old 0.2.5 6.00 68.00 74.00 NOTE
r-patched-linux-x86_64 0.2.5 3.91 42.38 46.29 NOTE
r-patched-solaris-x86 0.2.5 72.10 NOTE
r-release-linux-x86_64 0.2.5 NOTE
r-release-macos-arm64 0.2.5 NOTE
r-release-macos-x86_64 0.2.5 NOTE
r-release-windows-ix86+x86_64 0.2.5 8.00 49.00 57.00 NOTE
r-oldrel-macos-x86_64 0.2.5 OK
r-oldrel-windows-ix86+x86_64 0.2.5 6.00 92.00 98.00 OK

Check Details

Version: 0.2.5
Check: LazyData
Result: NOTE
     'LazyData' is specified without a 'data' directory
Flavors: r-devel-linux-x86_64-debian-clang, r-devel-linux-x86_64-debian-gcc, r-devel-linux-x86_64-fedora-clang, r-devel-linux-x86_64-fedora-gcc, r-devel-windows-x86_64-new-UL, r-devel-windows-x86_64-new-TK, r-devel-windows-x86_64-old, r-patched-linux-x86_64, r-patched-solaris-x86, r-release-linux-x86_64, r-release-macos-arm64, r-release-macos-x86_64, r-release-windows-ix86+x86_64