Last updated on 2022-07-05 05:53:01 CEST.
Flavor | Version | Tinstall | Tcheck | Ttotal | Status | Flags |
---|---|---|---|---|---|---|
r-devel-linux-x86_64-debian-clang | 1.1.3 | 23.19 | 35.93 | 59.12 | WARN | |
r-devel-linux-x86_64-debian-gcc | 1.1.3 | 23.21 | 27.52 | 50.73 | OK | |
r-devel-linux-x86_64-fedora-clang | 1.1.3 | 98.33 | WARN | |||
r-devel-linux-x86_64-fedora-gcc | 1.1.3 | 92.13 | OK | |||
r-devel-windows-x86_64 | 1.1.3 | 40.00 | 85.00 | 125.00 | OK | |
r-patched-linux-x86_64 | 1.1.3 | 26.19 | 34.33 | 60.52 | OK | |
r-release-linux-x86_64 | 1.1.3 | 24.70 | 34.61 | 59.31 | OK | |
r-release-macos-arm64 | 1.1.3 | 26.00 | OK | |||
r-release-macos-x86_64 | 1.1.3 | 35.00 | OK | |||
r-release-windows-x86_64 | 1.1.3 | 33.00 | 82.00 | 115.00 | OK | |
r-oldrel-macos-arm64 | 1.1.3 | 32.00 | OK | |||
r-oldrel-macos-x86_64 | 1.1.3 | 36.00 | OK | |||
r-oldrel-windows-ix86+x86_64 | 1.1.3 | 75.00 | 80.00 | 155.00 | OK |
Version: 1.1.3
Check: whether package can be installed
Result: WARN
Found the following significant warnings:
vMF.cpp:35:9: warning: use of bitwise '&' with boolean operands [-Wbitwise-instead-of-logical]
Flavors: r-devel-linux-x86_64-debian-clang, r-devel-linux-x86_64-fedora-clang