CRAN Package Check Results for Package rotations

Last updated on 2021-08-03 06:55:23 CEST.

Flavor Version Tinstall Tcheck Ttotal Status Flags
r-devel-linux-x86_64-debian-clang 1.6.2 129.25 107.83 237.08 OK
r-devel-linux-x86_64-debian-gcc 1.6.2 83.08 79.58 162.66 OK
r-devel-linux-x86_64-fedora-clang 1.6.2 316.87 NOTE
r-devel-linux-x86_64-fedora-gcc 1.6.2 286.97 OK
r-devel-windows-x86_64 1.6.2 113.00 151.00 264.00 NOTE
r-devel-windows-x86_64-gcc10-UCRT 1.6.2 OK
r-patched-linux-x86_64 1.6.2 97.77 101.24 199.01 OK
r-patched-solaris-x86 1.6.2 307.40 NOTE
r-release-linux-x86_64 1.6.2 106.57 100.69 207.26 OK
r-release-macos-arm64 1.6.2 WARN
r-release-macos-x86_64 1.6.2 NOTE
r-release-windows-ix86+x86_64 1.6.2 295.00 196.00 491.00 NOTE
r-oldrel-macos-x86_64 1.6.2 NOTE
r-oldrel-windows-ix86+x86_64 1.6.2 270.00 195.00 465.00 NOTE

Check Details

Version: 1.6.2
Check: installed package size
Result: NOTE
     installed size is 9.7Mb
     sub-directories of 1Mb or more:
     R 1.1Mb
     data 2.7Mb
     libs 5.3Mb
Flavors: r-devel-linux-x86_64-fedora-clang, r-devel-windows-x86_64, r-patched-solaris-x86, r-release-macos-arm64, r-release-macos-x86_64, r-release-windows-ix86+x86_64, r-oldrel-macos-x86_64, r-oldrel-windows-ix86+x86_64

Version: 1.6.2
Check: re-building of vignette outputs
Result: WARN
    Error(s) in re-building vignettes:
     ...
    --- re-building ‘rotations-intro.Rnw’ using knitr
    Quitting from lines 324-336 (rotations-intro.Rnw)
    Error: processing vignette 'rotations-intro.Rnw' failed with diagnostics:
    polygon edge not found
    --- failed re-building ‘rotations-intro.Rnw’
    
    SUMMARY: processing the following file failed:
     ‘rotations-intro.Rnw’
    
    Error: Vignette re-building failed.
    Execution halted
Flavor: r-release-macos-arm64