CRAN Package Check Results for Package roxygen2md

Last updated on 2023-09-23 20:53:14 CEST.

Flavor Version Tinstall Tcheck Ttotal Status Flags
r-devel-linux-x86_64-debian-clang 1.0.0 4.21 38.44 42.65 NOTE
r-devel-linux-x86_64-debian-gcc 1.0.0 3.59 29.62 33.21 NOTE
r-devel-linux-x86_64-fedora-clang 1.0.0 53.82 NOTE
r-devel-linux-x86_64-fedora-gcc 1.0.0 51.61 NOTE
r-devel-windows-x86_64 1.0.0 5.00 51.00 56.00 NOTE
r-patched-linux-x86_64 1.0.0 5.14 37.60 42.74 NOTE
r-release-linux-x86_64 1.0.0 3.81 38.24 42.05 NOTE
r-release-macos-arm64 1.0.0 21.00 NOTE
r-release-macos-x86_64 1.0.0 30.00 NOTE
r-release-windows-x86_64 1.0.0 7.00 53.00 60.00 NOTE
r-oldrel-macos-arm64 1.0.0 18.00 NOTE
r-oldrel-macos-x86_64 1.0.0 31.00 NOTE
r-oldrel-windows-x86_64 1.0.0 7.00 61.00 68.00 NOTE

Check Details

Version: 1.0.0
Check: LazyData
Result: NOTE
     'LazyData' is specified without a 'data' directory
Flavors: r-devel-linux-x86_64-debian-clang, r-devel-linux-x86_64-debian-gcc, r-devel-linux-x86_64-fedora-clang, r-devel-linux-x86_64-fedora-gcc, r-devel-windows-x86_64, r-patched-linux-x86_64, r-release-linux-x86_64, r-release-macos-arm64, r-release-macos-x86_64, r-release-windows-x86_64, r-oldrel-macos-arm64, r-oldrel-macos-x86_64, r-oldrel-windows-x86_64

Version: 1.0.0
Check: dependencies in R code
Result: NOTE
    Namespace in Imports field not imported from: ‘withr’
     All declared Imports should be used.
Flavors: r-devel-linux-x86_64-fedora-clang, r-devel-linux-x86_64-fedora-gcc, r-oldrel-macos-arm64, r-oldrel-macos-x86_64