CRAN Package Check Results for Package roxyglobals

Last updated on 2024-02-28 15:49:35 CET.

Flavor Version Tinstall Tcheck Ttotal Status Flags
r-devel-linux-x86_64-debian-clang 1.0.0 3.67 40.46 44.13 OK
r-devel-linux-x86_64-debian-gcc 1.0.0 3.26 31.08 34.34 OK
r-devel-linux-x86_64-fedora-clang 1.0.0 54.13 NOTE
r-devel-linux-x86_64-fedora-gcc 1.0.0 52.69 OK
r-devel-windows-x86_64 1.0.0 5.00 51.00 56.00 OK
r-patched-linux-x86_64 1.0.0 4.38 39.70 44.08 OK
r-release-linux-x86_64 1.0.0 3.65 40.01 43.66 OK
r-release-macos-arm64 1.0.0 23.00 OK
r-release-macos-x86_64 1.0.0 42.00 OK
r-release-windows-x86_64 1.0.0 7.00 56.00 63.00 OK
r-oldrel-macos-arm64 1.0.0 24.00 OK
r-oldrel-windows-x86_64 1.0.0 6.00 60.00 66.00 OK

Check Details

Version: 1.0.0
Check: Rd cross-references
Result: NOTE Undeclared package ‘devtools’ in Rd xrefs Flavor: r-devel-linux-x86_64-fedora-clang