Last updated on 2023-06-10 09:57:26 CEST.
Flavor | Version | Tinstall | Tcheck | Ttotal | Status | Flags |
---|---|---|---|---|---|---|
r-devel-linux-x86_64-debian-clang | 3.3.4 | 194.60 | 631.47 | 826.07 | OK | |
r-devel-linux-x86_64-debian-gcc | 3.3.4 | 157.71 | 483.00 | 640.71 | OK | |
r-devel-linux-x86_64-fedora-clang | 3.3.4 | 1113.27 | NOTE | |||
r-devel-linux-x86_64-fedora-gcc | 3.3.4 | 1045.26 | OK | |||
r-devel-windows-x86_64 | 3.3.4 | 125.00 | 487.00 | 612.00 | NOTE | |
r-patched-linux-x86_64 | 3.3.4 | 177.87 | 599.61 | 777.48 | OK | |
r-release-linux-x86_64 | 3.3.4 | 169.28 | 609.85 | 779.13 | OK | |
r-release-macos-arm64 | 3.3.4 | 229.00 | NOTE | |||
r-release-macos-x86_64 | 3.3.4 | 468.00 | NOTE | |||
r-release-windows-x86_64 | 3.3.4 | 148.00 | 609.00 | 757.00 | NOTE | |
r-oldrel-macos-arm64 | 3.3.4 | 231.00 | NOTE | |||
r-oldrel-macos-x86_64 | 3.3.4 | 317.00 | NOTE | |||
r-oldrel-windows-x86_64 | 3.3.4 | 183.00 | 549.00 | 732.00 | NOTE |
Version: 3.3.4
Check: installed package size
Result: NOTE
installed size is 6.2Mb
sub-directories of 1Mb or more:
R 4.2Mb
libs 1.1Mb
Flavors: r-devel-linux-x86_64-fedora-clang, r-devel-windows-x86_64, r-release-macos-arm64, r-release-macos-x86_64, r-release-windows-x86_64, r-oldrel-macos-arm64, r-oldrel-macos-x86_64, r-oldrel-windows-x86_64