CRAN Package Check Results for Package rpanel

Last updated on 2020-04-10 04:48:56 CEST.

Flavor Version Tinstall Tcheck Ttotal Status Flags
r-devel-linux-x86_64-debian-clang 1.1-4 17.79 66.52 84.31 OK
r-devel-linux-x86_64-debian-gcc 1.1-4 13.38 51.65 65.03 OK
r-devel-linux-x86_64-fedora-clang 1.1-4 102.26 OK
r-devel-linux-x86_64-fedora-gcc 1.1-4 100.26 OK
r-devel-windows-ix86+x86_64 1.1-4 25.00 67.00 92.00 OK
r-devel-windows-ix86+x86_64-gcc8 1.1-4 19.00 69.00 88.00 OK
r-patched-linux-x86_64 1.1-4 16.90 66.39 83.29 OK
r-patched-osx-x86_64 1.1-4 ERROR
r-patched-solaris-x86 1.1-4 137.60 OK
r-release-linux-x86_64 1.1-4 15.55 60.80 76.35 OK
r-release-windows-ix86+x86_64 1.1-4 16.00 98.00 114.00 OK
r-release-osx-x86_64 1.1-4 ERROR
r-oldrel-windows-ix86+x86_64 1.1-4 20.00 88.00 108.00 OK
r-oldrel-osx-x86_64 1.1-4 ERROR

Check Details

Version: 1.1-4
Check: whether package can be installed
Result: ERROR
    Installation failed.
Flavors: r-patched-osx-x86_64, r-release-osx-x86_64, r-oldrel-osx-x86_64