CRAN Package Check Results for Package rpanel

Last updated on 2022-11-27 08:56:45 CET.

Flavor Version Tinstall Tcheck Ttotal Status Flags
r-devel-linux-x86_64-debian-clang 1.1-5.1 15.13 76.11 91.24 NOTE
r-devel-linux-x86_64-debian-gcc 1.1-5.1 10.12 58.49 68.61 NOTE
r-devel-linux-x86_64-fedora-clang 1.1-5.1 127.10 NOTE
r-devel-linux-x86_64-fedora-gcc 1.1-5.1 128.75 NOTE
r-devel-windows-x86_64 1.1-5.1 53.00 106.00 159.00 OK
r-patched-linux-x86_64 1.1-5.1 19.12 81.60 100.72 NOTE
r-release-linux-x86_64 1.1-5.1 18.28 81.02 99.30 NOTE
r-release-macos-arm64 1.1-5.1 54.00 OK
r-release-macos-x86_64 1.1-5.1 84.00 OK
r-release-windows-x86_64 1.1-5.1 54.00 104.00 158.00 OK
r-oldrel-macos-arm64 1.1-5.1 55.00 OK
r-oldrel-macos-x86_64 1.1-5.1 79.00 OK
r-oldrel-windows-ix86+x86_64 1.1-5.1 21.00 86.00 107.00 OK

Check Details

Version: 1.1-5.1
Check: package dependencies
Result: NOTE
    Package suggested but not available for checking: 'RandomFields'
Flavors: r-devel-linux-x86_64-debian-clang, r-devel-linux-x86_64-debian-gcc, r-devel-linux-x86_64-fedora-clang, r-devel-linux-x86_64-fedora-gcc, r-patched-linux-x86_64, r-release-linux-x86_64