CRAN Package Check Results for Package rpanel

Last updated on 2020-10-25 20:48:03 CET.

Flavor Version Tinstall Tcheck Ttotal Status Flags
r-devel-linux-x86_64-debian-clang 1.1-4 17.41 74.50 91.91 OK
r-devel-linux-x86_64-debian-gcc 1.1-4 12.72 56.55 69.27 OK
r-devel-linux-x86_64-fedora-clang 1.1-4 120.87 OK
r-devel-linux-x86_64-fedora-gcc 1.1-4 109.72 OK
r-devel-windows-ix86+x86_64 1.1-4 24.00 81.00 105.00 OK
r-patched-linux-x86_64 1.1-4 16.51 67.57 84.08 OK
r-patched-solaris-x86 1.1-4 138.30 OK
r-release-linux-x86_64 1.1-4 16.93 68.42 85.35 OK
r-release-macos-x86_64 1.1-4 ERROR
r-release-windows-ix86+x86_64 1.1-4 16.00 62.00 78.00 OK
r-oldrel-macos-x86_64 1.1-4 ERROR
r-oldrel-windows-ix86+x86_64 1.1-4 19.00 62.00 81.00 OK

Check Details

Version: 1.1-4
Check: whether package can be installed
Result: ERROR
    Installation failed.
Flavors: r-release-macos-x86_64, r-oldrel-macos-x86_64