Last updated on 2023-02-05 16:52:54 CET.
Flavor | Version | Tinstall | Tcheck | Ttotal | Status | Flags |
---|---|---|---|---|---|---|
r-devel-linux-x86_64-debian-clang | 0.1.2 | 26.32 | 29.46 | 55.78 | NOTE | |
r-devel-linux-x86_64-debian-gcc | 0.1.2 | 17.60 | 22.79 | 40.39 | NOTE | |
r-devel-linux-x86_64-fedora-clang | 0.1.2 | 81.07 | NOTE | |||
r-devel-linux-x86_64-fedora-gcc | 0.1.2 | 70.17 | NOTE | |||
r-devel-windows-x86_64 | 0.1.2 | 28.00 | 79.00 | 107.00 | NOTE | |
r-patched-linux-x86_64 | 0.1.2 | 22.40 | 28.52 | 50.92 | NOTE | |
r-release-linux-x86_64 | 0.1.2 | 18.98 | 29.61 | 48.59 | NOTE | |
r-release-macos-arm64 | 0.1.2 | 22.00 | NOTE | |||
r-release-macos-x86_64 | 0.1.2 | 32.00 | NOTE | |||
r-release-windows-x86_64 | 0.1.2 | 31.00 | 84.00 | 115.00 | NOTE | |
r-oldrel-macos-arm64 | 0.1.2 | 25.00 | NOTE | |||
r-oldrel-macos-x86_64 | 0.1.2 | 45.00 | NOTE | |||
r-oldrel-windows-ix86+x86_64 | 0.1.2 | 66.00 | 93.00 | 159.00 | NOTE |
Version: 0.1.2
Check: C++ specification
Result: NOTE
Specified C++11: please update to current default of C++17
Flavors: r-devel-linux-x86_64-debian-clang, r-devel-linux-x86_64-debian-gcc, r-devel-linux-x86_64-fedora-clang, r-devel-linux-x86_64-fedora-gcc, r-devel-windows-x86_64
Version: 0.1.2
Check: LazyData
Result: NOTE
'LazyData' is specified without a 'data' directory
Flavors: r-devel-linux-x86_64-debian-clang, r-devel-linux-x86_64-debian-gcc, r-devel-linux-x86_64-fedora-clang, r-devel-linux-x86_64-fedora-gcc, r-devel-windows-x86_64, r-patched-linux-x86_64, r-release-linux-x86_64, r-release-macos-arm64, r-release-macos-x86_64, r-release-windows-x86_64, r-oldrel-macos-arm64, r-oldrel-macos-x86_64, r-oldrel-windows-ix86+x86_64