CRAN Package Check Results for Package rpart.LAD

Last updated on 2022-08-15 23:00:46 CEST.

Flavor Version Tinstall Tcheck Ttotal Status Flags
r-devel-linux-x86_64-debian-clang 0.1.2 22.68 29.64 52.32 NOTE
r-devel-linux-x86_64-debian-gcc 0.1.2 18.60 23.51 42.11 NOTE
r-devel-linux-x86_64-fedora-clang 0.1.2 87.81 NOTE
r-devel-linux-x86_64-fedora-gcc 0.1.2 78.64 NOTE
r-devel-windows-x86_64 0.1.2 28.00 80.00 108.00 NOTE
r-patched-linux-x86_64 0.1.2 20.08 28.62 48.70 NOTE
r-release-linux-x86_64 0.1.2 20.20 28.91 49.11 NOTE
r-release-macos-arm64 0.1.2 22.00 NOTE
r-release-macos-x86_64 0.1.2 32.00 NOTE
r-release-windows-x86_64 0.1.2 27.00 75.00 102.00 NOTE
r-oldrel-macos-arm64 0.1.2 25.00 NOTE
r-oldrel-macos-x86_64 0.1.2 45.00 NOTE
r-oldrel-windows-ix86+x86_64 0.1.2 64.00 83.00 147.00 NOTE

Check Details

Version: 0.1.2
Check: LazyData
Result: NOTE
     'LazyData' is specified without a 'data' directory
Flavors: r-devel-linux-x86_64-debian-clang, r-devel-linux-x86_64-debian-gcc, r-devel-linux-x86_64-fedora-clang, r-devel-linux-x86_64-fedora-gcc, r-devel-windows-x86_64, r-patched-linux-x86_64, r-release-linux-x86_64, r-release-macos-arm64, r-release-macos-x86_64, r-release-windows-x86_64, r-oldrel-macos-arm64, r-oldrel-macos-x86_64, r-oldrel-windows-ix86+x86_64