CRAN Package Check Results for Package rpart.LAD

Last updated on 2021-06-25 00:49:51 CEST.

Flavor Version Tinstall Tcheck Ttotal Status Flags
r-devel-linux-x86_64-debian-clang 0.1.2 25.32 28.20 53.52 NOTE
r-devel-linux-x86_64-debian-gcc 0.1.2 15.52 22.12 37.64 NOTE
r-devel-linux-x86_64-fedora-clang 0.1.2 82.89 NOTE
r-devel-linux-x86_64-fedora-gcc 0.1.2 65.18 NOTE
r-devel-windows-x86_64 0.1.2 33.00 45.00 78.00 NOTE
r-devel-windows-x86_64-gcc10-UCRT 0.1.2 NOTE
r-patched-linux-x86_64 0.1.2 21.29 27.33 48.62 NOTE
r-patched-solaris-x86 0.1.2 79.80 NOTE
r-release-linux-x86_64 0.1.2 19.35 27.24 46.59 NOTE
r-release-macos-arm64 0.1.2 NOTE
r-release-macos-x86_64 0.1.2 NOTE
r-release-windows-ix86+x86_64 0.1.2 60.00 74.00 134.00 NOTE
r-oldrel-macos-x86_64 0.1.2 OK
r-oldrel-windows-ix86+x86_64 0.1.2 61.00 72.00 133.00 OK

Check Details

Version: 0.1.2
Check: LazyData
Result: NOTE
     'LazyData' is specified without a 'data' directory
Flavors: r-devel-linux-x86_64-debian-clang, r-devel-linux-x86_64-debian-gcc, r-devel-linux-x86_64-fedora-clang, r-devel-linux-x86_64-fedora-gcc, r-devel-windows-x86_64, r-devel-windows-x86_64-gcc10-UCRT, r-patched-linux-x86_64, r-patched-solaris-x86, r-release-linux-x86_64, r-release-macos-arm64, r-release-macos-x86_64, r-release-windows-ix86+x86_64