CRAN Package Check Results for Package rpart

Last updated on 2021-09-21 13:52:43 CEST.

Flavor Version Tinstall Tcheck Ttotal Status Flags
r-devel-linux-x86_64-debian-clang 4.1-15 11.07 71.09 82.16 OK
r-devel-linux-x86_64-debian-gcc 4.1-15 6.73 55.04 61.77 OK
r-devel-linux-x86_64-fedora-clang 4.1-15 106.87 NOTE
r-devel-linux-x86_64-fedora-gcc 4.1-15 96.21 OK
r-devel-windows-x86_64 4.1-15 24.00 75.00 99.00 OK
r-devel-windows-x86_64-gcc10-UCRT 4.1-15 ERROR
r-patched-linux-x86_64 4.1-15 7.14 68.78 75.92 OK
r-patched-solaris-x86 4.1-15 OK
r-release-linux-x86_64 4.1-15 9.18 68.92 78.10 OK
r-release-macos-arm64 4.1-15 OK
r-release-macos-x86_64 4.1-15 OK
r-release-windows-ix86+x86_64 4.1-15 42.00 95.00 137.00 OK
r-oldrel-macos-x86_64 4.1-15 OK
r-oldrel-windows-ix86+x86_64 4.1-15 40.00 88.00 128.00 OK

Check Details

Version: 4.1-15
Check: Rd cross-references
Result: NOTE
    Undeclared package ‘tree’ in Rd xrefs
Flavor: r-devel-linux-x86_64-fedora-clang

Version: 4.1-15
Check: whether package can be installed
Result: ERROR
    Installation failed.
Flavor: r-devel-windows-x86_64-gcc10-UCRT