CRAN Package Check Results for Package rpart

Last updated on 2022-01-21 15:19:21 CET.

Flavor Version Tinstall Tcheck Ttotal Status Flags
r-devel-linux-x86_64-debian-clang 4.1-15 11.45 74.29 85.74 OK
r-devel-linux-x86_64-debian-gcc 4.1-15 7.33 57.66 64.99 OK
r-devel-linux-x86_64-fedora-clang 4.1-15 108.81 NOTE
r-devel-linux-x86_64-fedora-gcc 4.1-15 97.10 OK
r-devel-windows-x86_64-new-UL 4.1-15 98.00 125.00 223.00 OK
r-devel-windows-x86_64-new-TK 4.1-15 OK
r-patched-linux-x86_64 4.1-15 9.36 73.34 82.70 OK
r-release-linux-x86_64 4.1-15 9.09 73.07 82.16 OK
r-release-macos-arm64 4.1-15 OK
r-release-macos-x86_64 4.1-15 OK
r-release-windows-ix86+x86_64 4.1-15 47.00 119.00 166.00 OK
r-oldrel-macos-x86_64 4.1-15 OK
r-oldrel-windows-ix86+x86_64 4.1-15 45.00 107.00 152.00 OK

Check Details

Version: 4.1-15
Check: Rd cross-references
Result: NOTE
    Undeclared package ‘tree’ in Rd xrefs
Flavor: r-devel-linux-x86_64-fedora-clang