CRAN Package Check Results for Package rpart

Last updated on 2021-05-08 00:47:18 CEST.

Flavor Version Tinstall Tcheck Ttotal Status Flags
r-devel-linux-x86_64-debian-clang 4.1-15 12.24 71.08 83.32 OK
r-devel-linux-x86_64-debian-gcc 4.1-15 6.97 55.16 62.13 OK
r-devel-linux-x86_64-fedora-clang 4.1-15 111.07 NOTE
r-devel-linux-x86_64-fedora-gcc 4.1-15 99.36 OK
r-devel-windows-ix86+x86_64 4.1-15 36.00 121.00 157.00 OK
r-devel-windows-x86_64-gcc10-UCRT 4.1-15 OK
r-patched-linux-x86_64 4.1-15 9.26 68.93 78.19 OK
r-patched-solaris-x86 4.1-15 OK
r-release-linux-x86_64 4.1-15 6.70 67.63 74.33 OK
r-release-macos-x86_64 4.1-15 OK
r-release-windows-ix86+x86_64 4.1-15 39.00 88.00 127.00 OK
r-oldrel-macos-x86_64 4.1-15 OK
r-oldrel-windows-ix86+x86_64 4.1-15 38.00 85.00 123.00 OK

Check Details

Version: 4.1-15
Check: Rd cross-references
Result: NOTE
    Undeclared package ‘tree’ in Rd xrefs
Flavor: r-devel-linux-x86_64-fedora-clang