CRAN Package Check Results for Package rpatrec

Last updated on 2020-04-09 21:48:15 CEST.

Flavor Version Tinstall Tcheck Ttotal Status Flags
r-devel-linux-x86_64-debian-clang 1.0.1 9.86 320.16 330.02 OK
r-devel-linux-x86_64-debian-gcc 1.0.1 7.84 246.18 254.02 OK
r-devel-linux-x86_64-fedora-clang 1.0.1 410.38 OK
r-devel-linux-x86_64-fedora-gcc 1.0.1 408.61 OK
r-devel-windows-ix86+x86_64 1.0.1 19.00 469.00 488.00 OK
r-devel-windows-ix86+x86_64-gcc8 1.0.1 18.00 308.00 326.00 OK
r-patched-linux-x86_64 1.0.1 8.43 388.42 396.85 OK
r-patched-osx-x86_64 1.0.1 WARN
r-patched-solaris-x86 1.0.1 790.20 OK
r-release-linux-x86_64 1.0.1 8.53 310.32 318.85 OK
r-release-windows-ix86+x86_64 1.0.1 16.00 369.00 385.00 OK
r-release-osx-x86_64 1.0.1 OK
r-oldrel-windows-ix86+x86_64 1.0.1 14.00 279.00 293.00 OK
r-oldrel-osx-x86_64 1.0.1 OK

Check Details

Version: 1.0.1
Check: re-building of vignette outputs
Result: WARN
    Error(s) in re-building vignettes:
    --- re-building ‘Dissertation.Rmd’ using rmarkdown
    dyld: lazy symbol binding failed: Symbol not found: ____chkstk_darwin
     Referenced from: /usr/local/bin/pandoc (which was built for Mac OS X 10.15)
     Expected in: /usr/lib/libSystem.B.dylib
    
    dyld: Symbol not found: ____chkstk_darwin
     Referenced from: /usr/local/bin/pandoc (which was built for Mac OS X 10.15)
     Expected in: /usr/lib/libSystem.B.dylib
    
    Error: processing vignette 'Dissertation.Rmd' failed with diagnostics:
    pandoc document conversion failed with error 6
    --- failed re-building ‘Dissertation.Rmd’
    
    --- re-building ‘Dissertation2.Rmd’ using rmarkdown
    dyld: lazy symbol binding failed: Symbol not found: ____chkstk_darwin
     Referenced from: /usr/local/bin/pandoc (which was built for Mac OS X 10.15)
     Expected in: /usr/lib/libSystem.B.dylib
    
    dyld: Symbol not found: ____chkstk_darwin
     Referenced from: /usr/local/bin/pandoc (which was built for Mac OS X 10.15)
     Expected in: /usr/lib/libSystem.B.dylib
    
    Error: processing vignette 'Dissertation2.Rmd' failed with diagnostics:
    pandoc document conversion failed with error 6
    --- failed re-building ‘Dissertation2.Rmd’
    
    SUMMARY: processing the following files failed:
     ‘Dissertation.Rmd’ ‘Dissertation2.Rmd’
    
    Error: Vignette re-building failed.
    Execution halted
Flavor: r-patched-osx-x86_64