Last updated on 2023-11-30 15:48:29 CET.
Flavor | Version | Tinstall | Tcheck | Ttotal | Status | Flags |
---|---|---|---|---|---|---|
r-devel-linux-x86_64-debian-clang | 0.3.2 | 1.85 | 32.93 | 34.78 | OK | |
r-devel-linux-x86_64-debian-gcc | 0.3.2 | 2.08 | 25.97 | 28.05 | OK | |
r-devel-linux-x86_64-fedora-clang | 0.3.2 | 46.09 | NOTE | |||
r-devel-linux-x86_64-fedora-gcc | 0.3.2 | 43.30 | OK | |||
r-devel-windows-x86_64 | 0.3.2 | 3.00 | 48.00 | 51.00 | OK | |
r-patched-linux-x86_64 | 0.3.2 | 2.19 | 32.78 | 34.97 | OK | |
r-release-linux-x86_64 | 0.3.2 | 3.18 | 32.89 | 36.07 | OK | |
r-release-macos-arm64 | 0.3.2 | 22.00 | OK | |||
r-release-macos-x86_64 | 0.3.2 | 34.00 | OK | |||
r-release-windows-x86_64 | 0.3.2 | 4.00 | 56.00 | 60.00 | OK | |
r-oldrel-macos-arm64 | 0.3.2 | 24.00 | OK | |||
r-oldrel-macos-x86_64 | 0.3.2 | 33.00 | OK | |||
r-oldrel-windows-x86_64 | 0.3.2 | 4.00 | 54.00 | 58.00 | OK |
Version: 0.3.2
Check: Rd cross-references
Result: NOTE
Undeclared package ‘rsoi’ in Rd xrefs
Flavor: r-devel-linux-x86_64-fedora-clang