CRAN Package Check Results for Package rpdo

Last updated on 2023-01-27 15:50:22 CET.

Flavor Version Tinstall Tcheck Ttotal Status Flags
r-devel-linux-x86_64-debian-clang 0.3.1 3.13 32.89 36.02 OK
r-devel-linux-x86_64-debian-gcc 0.3.1 2.01 25.97 27.98 OK
r-devel-linux-x86_64-fedora-clang 0.3.1 45.85 NOTE
r-devel-linux-x86_64-fedora-gcc 0.3.1 46.63 OK
r-patched-linux-x86_64 0.3.1 3.51 33.20 36.71 OK
r-release-linux-x86_64 0.3.1 2.23 33.94 36.17 OK
r-release-macos-arm64 0.3.1 20.00 OK
r-release-macos-x86_64 0.3.1 28.00 OK
r-release-windows-x86_64 0.3.1 16.00 63.00 79.00 OK
r-oldrel-macos-arm64 0.3.1 27.00 OK
r-oldrel-macos-x86_64 0.3.1 32.00 OK
r-oldrel-windows-ix86+x86_64 0.3.1 11.00 58.00 69.00 OK

Check Details

Version: 0.3.1
Check: Rd cross-references
Result: NOTE
    Undeclared package ‘rsoi’ in Rd xrefs
Flavor: r-devel-linux-x86_64-fedora-clang