CRAN Package Check Results for Package rpg

Last updated on 2019-07-21 20:47:49 CEST.

Flavor Version Tinstall Tcheck Ttotal Status Flags
r-devel-linux-x86_64-debian-clang 1.6 19.54 26.67 46.21 OK
r-devel-linux-x86_64-debian-gcc 1.6 17.03 21.86 38.89 OK
r-devel-linux-x86_64-fedora-clang 1.6 64.54 OK
r-devel-linux-x86_64-fedora-gcc 1.6 64.06 OK
r-devel-windows-ix86+x86_64 1.6 54.00 96.00 150.00 NOTE
r-patched-linux-x86_64 1.6 19.44 26.46 45.90 OK
r-patched-solaris-x86 1.6 18.50 ERROR
r-release-linux-x86_64 1.6 19.30 26.69 45.99 OK
r-release-windows-ix86+x86_64 1.6 58.00 74.00 132.00 NOTE
r-release-osx-x86_64 1.6 ERROR
r-oldrel-windows-ix86+x86_64 1.6 73.00 71.00 144.00 NOTE
r-oldrel-osx-x86_64 1.6 ERROR

Check Details

Version: 1.6
Check: installed package size
Result: NOTE
     installed size is 5.8Mb
     sub-directories of 1Mb or more:
     libs 5.6Mb
Flavors: r-devel-windows-ix86+x86_64, r-release-windows-ix86+x86_64, r-oldrel-windows-ix86+x86_64

Version: 1.6
Check: whether package can be installed
Result: ERROR
    Installation failed.
Flavors: r-patched-solaris-x86, r-release-osx-x86_64, r-oldrel-osx-x86_64