CRAN Package Check Results for Package rphylopic

Last updated on 2024-03-04 16:02:09 CET.

Flavor Version Tinstall Tcheck Ttotal Status Flags
r-devel-linux-x86_64-debian-clang 1.3.0 9.40 81.74 91.14 NOTE
r-devel-linux-x86_64-debian-gcc 1.3.0 8.15 61.03 69.18 OK
r-devel-linux-x86_64-fedora-clang 1.3.0 118.86 OK
r-devel-linux-x86_64-fedora-gcc 1.3.0 119.83 OK
r-devel-windows-x86_64 1.3.0 10.00 81.00 91.00 OK
r-patched-linux-x86_64 1.3.0 9.74 76.56 86.30 OK
r-release-linux-x86_64 1.3.0 9.27 78.92 88.19 OK
r-release-macos-arm64 1.3.0 69.00 OK
r-release-macos-x86_64 1.3.0 85.00 OK
r-release-windows-x86_64 1.3.0 13.00 101.00 114.00 OK
r-oldrel-macos-arm64 1.3.0 47.00 OK
r-oldrel-windows-x86_64 1.3.0 13.00 99.00 112.00 OK

Check Details

Version: 1.3.0
Check: package dependencies
Result: NOTE Package suggested but not available for checking: ‘ggtree’ Flavor: r-devel-linux-x86_64-debian-clang