CRAN Package Check Results for Package rpinterest

Last updated on 2024-03-02 10:50:00 CET.

Flavor Version Tinstall Tcheck Ttotal Status Flags
r-devel-linux-x86_64-debian-clang 0.3.1 1.71 22.38 24.09 NOTE
r-devel-linux-x86_64-debian-gcc 0.3.1 1.76 17.38 19.14 NOTE
r-devel-linux-x86_64-fedora-clang 0.3.1 30.99 NOTE
r-devel-linux-x86_64-fedora-gcc 0.3.1 29.17 NOTE
r-devel-windows-x86_64 0.3.1 3.00 41.00 44.00 NOTE
r-patched-linux-x86_64 0.3.1 2.64 21.80 24.44 NOTE
r-release-linux-x86_64 0.3.1 2.03 21.53 23.56 NOTE
r-release-macos-arm64 0.3.1 17.00 NOTE
r-release-macos-x86_64 0.3.1 21.00 NOTE
r-release-windows-x86_64 0.3.1 4.00 41.00 45.00 NOTE
r-oldrel-macos-arm64 0.3.1 14.00 NOTE
r-oldrel-windows-x86_64 0.3.1 4.00 44.00 48.00 NOTE

Check Details

Version: 0.3.1
Check: LazyData
Result: NOTE 'LazyData' is specified without a 'data' directory Flavors: r-devel-linux-x86_64-debian-clang, r-devel-linux-x86_64-debian-gcc, r-devel-linux-x86_64-fedora-clang, r-devel-linux-x86_64-fedora-gcc, r-devel-windows-x86_64, r-patched-linux-x86_64, r-release-linux-x86_64, r-release-macos-arm64, r-release-macos-x86_64, r-release-windows-x86_64, r-oldrel-macos-arm64, r-oldrel-windows-x86_64