CRAN Package Check Results for Package rpms

Last updated on 2024-03-05 07:56:34 CET.

Flavor Version Tinstall Tcheck Ttotal Status Flags
r-devel-linux-x86_64-debian-clang 0.5.1 95.23 57.59 152.82 OK
r-devel-linux-x86_64-debian-gcc 0.5.1 69.35 45.37 114.72 OK
r-devel-linux-x86_64-fedora-clang 0.5.1 199.66 OK
r-devel-linux-x86_64-fedora-gcc 0.5.1 215.15 OK
r-devel-windows-x86_64 0.5.1 69.00 92.00 161.00 NOTE
r-patched-linux-x86_64 0.5.1 87.97 54.87 142.84 OK
r-release-linux-x86_64 0.5.1 92.69 55.48 148.17 OK
r-release-macos-arm64 0.5.1 55.00 NOTE
r-release-macos-x86_64 0.5.1 96.00 NOTE
r-release-windows-x86_64 0.5.1 89.00 102.00 191.00 NOTE
r-oldrel-macos-arm64 0.5.1 54.00 NOTE
r-oldrel-windows-x86_64 0.5.1 85.00 100.00 185.00 NOTE

Check Details

Version: 0.5.1
Check: installed package size
Result: NOTE installed size is 5.3Mb sub-directories of 1Mb or more: data 2.3Mb libs 1.4Mb Flavors: r-devel-windows-x86_64, r-release-macos-arm64, r-release-macos-x86_64, r-release-windows-x86_64, r-oldrel-macos-arm64, r-oldrel-windows-x86_64