CRAN Package Check Results for Package rpms

Last updated on 2020-12-01 12:49:30 CET.

Flavor Version Tinstall Tcheck Ttotal Status Flags
r-devel-linux-x86_64-debian-clang 0.4.0 102.97 59.02 161.99 OK
r-devel-linux-x86_64-debian-gcc 0.4.0 56.49 49.84 106.33 OK
r-devel-linux-x86_64-fedora-clang 0.4.0 187.26 NOTE
r-devel-linux-x86_64-fedora-gcc 0.4.0 171.54 OK
r-devel-windows-ix86+x86_64 0.4.0 173.00 111.00 284.00 NOTE
r-patched-linux-x86_64 0.4.0 155.08 60.13 215.21 OK
r-patched-solaris-x86 0.4.0 172.80 OK
r-release-linux-x86_64 0.4.0 67.54 58.05 125.59 OK
r-release-macos-x86_64 0.4.0 NOTE
r-release-windows-ix86+x86_64 0.4.0 173.00 110.00 283.00 NOTE
r-oldrel-macos-x86_64 0.4.0 NOTE
r-oldrel-windows-ix86+x86_64 0.4.0 129.00 131.00 260.00 NOTE

Check Details

Version: 0.4.0
Check: installed package size
Result: NOTE
     installed size is 9.5Mb
     sub-directories of 1Mb or more:
     data 2.4Mb
     libs 5.3Mb
Flavors: r-devel-linux-x86_64-fedora-clang, r-devel-windows-ix86+x86_64, r-release-macos-x86_64, r-release-windows-ix86+x86_64, r-oldrel-macos-x86_64, r-oldrel-windows-ix86+x86_64