CRAN Package Check Results for Package rpostgis

Last updated on 2020-02-28 16:48:28 CET.

Flavor Version Tinstall Tcheck Ttotal Status Flags
r-devel-linux-x86_64-debian-clang 1.4.3 12.27 88.56 100.83 OK
r-devel-linux-x86_64-debian-gcc 1.4.3 8.94 67.52 76.46 OK
r-devel-linux-x86_64-fedora-clang 1.4.3 127.02 WARN
r-devel-linux-x86_64-fedora-gcc 1.4.3 125.07 WARN
r-devel-windows-ix86+x86_64 1.4.3 21.00 90.00 111.00 OK
r-devel-windows-ix86+x86_64-gcc8 1.4.3 22.00 88.00 110.00 OK
r-patched-linux-x86_64 1.4.3 9.72 75.45 85.17 OK
r-patched-solaris-x86 1.4.3 150.30 NOTE
r-release-linux-x86_64 1.4.3 9.96 76.27 86.23 OK
r-release-windows-ix86+x86_64 1.4.3 15.00 122.00 137.00 OK
r-release-osx-x86_64 1.4.3 OK
r-oldrel-windows-ix86+x86_64 1.4.3 11.00 80.00 91.00 OK
r-oldrel-osx-x86_64 1.4.3 OK

Check Details

Version: 1.4.3
Check: whether package can be installed
Result: WARN
    Found the following significant warnings:
     Warning: namespace ‘rgdal’ is not available and has been replaced
Flavors: r-devel-linux-x86_64-fedora-clang, r-devel-linux-x86_64-fedora-gcc

Version: 1.4.3
Check: package dependencies
Result: NOTE
    Package suggested but not available for checking: ‘RPostgres’
Flavor: r-patched-solaris-x86