Last updated on 2023-09-27 23:37:44 CEST.
Flavor | Version | Tinstall | Tcheck | Ttotal | Status | Flags |
---|---|---|---|---|---|---|
r-devel-linux-x86_64-debian-clang | 1.4.4 | 30.79 | 310.35 | 341.14 | NOTE | |
r-devel-linux-x86_64-debian-gcc | 1.4.4 | 25.60 | 223.73 | 249.33 | NOTE | |
r-devel-linux-x86_64-fedora-clang | 1.4.4 | 416.35 | NOTE | |||
r-devel-linux-x86_64-fedora-gcc | 1.4.4 | 405.46 | NOTE | |||
r-devel-windows-x86_64 | 1.4.4 | 27.00 | 194.00 | 221.00 | NOTE | |
r-patched-linux-x86_64 | 1.4.4 | 28.34 | 293.64 | 321.98 | OK | |
r-release-linux-x86_64 | 1.4.4 | 30.01 | 296.45 | 326.46 | OK | |
r-release-macos-arm64 | 1.4.4 | 89.00 | OK | |||
r-release-macos-x86_64 | 1.4.4 | 340.00 | OK | |||
r-release-windows-x86_64 | 1.4.4 | 36.00 | 263.00 | 299.00 | OK | |
r-oldrel-macos-arm64 | 1.4.4 | 84.00 | OK | |||
r-oldrel-macos-x86_64 | 1.4.4 | 116.00 | OK | |||
r-oldrel-windows-x86_64 | 1.4.4 | 36.00 | 237.00 | 273.00 | OK |
Version: 1.4.4
Check: Rd \usage sections
Result: NOTE
Documented arguments not in \usage in documentation object 'pgCheckGeom':
‘namechar’
Functions with \usage entries need to have the appropriate \alias
entries, and all their arguments documented.
The \usage entries must correspond to syntactically valid R code.
See chapter ‘Writing R documentation files’ in the ‘Writing R
Extensions’ manual.
Flavors: r-devel-linux-x86_64-debian-clang, r-devel-linux-x86_64-debian-gcc, r-devel-linux-x86_64-fedora-clang, r-devel-linux-x86_64-fedora-gcc, r-devel-windows-x86_64