CRAN Package Check Results for Package rpostgis

Last updated on 2022-11-27 12:55:27 CET.

Flavor Version Tinstall Tcheck Ttotal Status Flags
r-devel-linux-x86_64-debian-clang 1.4.3 29.26 286.61 315.87 NOTE
r-devel-linux-x86_64-debian-gcc 1.4.3 29.25 208.29 237.54 NOTE
r-devel-linux-x86_64-fedora-clang 1.4.3 403.37 NOTE
r-devel-linux-x86_64-fedora-gcc 1.4.3 394.57 NOTE
r-devel-windows-x86_64 1.4.3 41.00 282.00 323.00 NOTE
r-patched-linux-x86_64 1.4.3 31.72 275.41 307.13 NOTE
r-release-linux-x86_64 1.4.3 33.26 277.23 310.49 NOTE
r-release-macos-arm64 1.4.3 75.00 NOTE
r-release-macos-x86_64 1.4.3 107.00 NOTE
r-release-windows-x86_64 1.4.3 51.00 270.00 321.00 NOTE
r-oldrel-macos-arm64 1.4.3 41.00 NOTE
r-oldrel-macos-x86_64 1.4.3 78.00 NOTE
r-oldrel-windows-ix86+x86_64 1.4.3 67.00 270.00 337.00 NOTE

Check Details

Version: 1.4.3
Check: LazyData
Result: NOTE
     'LazyData' is specified without a 'data' directory
Flavors: r-devel-linux-x86_64-debian-clang, r-devel-linux-x86_64-debian-gcc, r-devel-linux-x86_64-fedora-clang, r-devel-linux-x86_64-fedora-gcc, r-devel-windows-x86_64, r-patched-linux-x86_64, r-release-linux-x86_64, r-release-macos-arm64, r-release-macos-x86_64, r-release-windows-x86_64, r-oldrel-macos-arm64, r-oldrel-macos-x86_64, r-oldrel-windows-ix86+x86_64