CRAN Package Check Results for Package rprime

Last updated on 2019-03-25 21:49:46 CET.

Flavor Version Tinstall Tcheck Ttotal Status Flags
r-devel-linux-x86_64-debian-clang 0.1.0 2.32 38.65 40.97 NOTE
r-devel-linux-x86_64-debian-gcc 0.1.0 2.03 30.18 32.21 NOTE
r-devel-linux-x86_64-fedora-clang 0.1.0 50.58 NOTE
r-devel-linux-x86_64-fedora-gcc 0.1.0 50.72 NOTE
r-devel-windows-ix86+x86_64 0.1.0 7.00 68.00 75.00 NOTE
r-patched-linux-x86_64 0.1.0 1.89 33.89 35.78 NOTE
r-patched-solaris-x86 0.1.0 68.70 NOTE
r-release-linux-x86_64 0.1.0 1.89 34.07 35.96 NOTE
r-release-windows-ix86+x86_64 0.1.0 5.00 66.00 71.00 NOTE
r-release-osx-x86_64 0.1.0 NOTE
r-oldrel-windows-ix86+x86_64 0.1.0 4.00 57.00 61.00 NOTE
r-oldrel-osx-x86_64 0.1.0 NOTE

Check Details

Version: 0.1.0
Check: R code for possible problems
Result: NOTE
    but_last: no visible global function definition for 'head'
    first: no visible global function definition for 'head'
    last: no visible global function definition for 'tail'
    preview_frames: no visible global function definition for 'str'
    print.EprimeFrame: no visible global function definition for 'str'
    print.FrameList: no visible global function definition for 'str'
    Undefined global functions or variables:
     head str tail
    Consider adding
     importFrom("utils", "head", "str", "tail")
    to your NAMESPACE file.
Flavors: r-devel-linux-x86_64-debian-clang, r-devel-linux-x86_64-debian-gcc, r-devel-linux-x86_64-fedora-clang, r-devel-linux-x86_64-fedora-gcc, r-devel-windows-ix86+x86_64, r-patched-linux-x86_64, r-patched-solaris-x86, r-release-linux-x86_64, r-release-windows-ix86+x86_64, r-release-osx-x86_64, r-oldrel-windows-ix86+x86_64, r-oldrel-osx-x86_64