CRAN Package Check Results for Package rprime

Last updated on 2022-09-29 19:49:06 CEST.

Flavor Version Tinstall Tcheck Ttotal Status Flags
r-devel-linux-x86_64-debian-clang 0.1.2 2.02 46.52 48.54 NOTE
r-devel-linux-x86_64-debian-gcc 0.1.2 2.60 35.84 38.44 NOTE
r-devel-linux-x86_64-fedora-clang 0.1.2 74.08 NOTE
r-devel-linux-x86_64-fedora-gcc 0.1.2 68.78 NOTE
r-devel-windows-x86_64 0.1.2 15.00 80.00 95.00 NOTE
r-patched-linux-x86_64 0.1.2 5.50 44.78 50.28 NOTE
r-release-linux-x86_64 0.1.2 3.23 45.42 48.65 NOTE
r-release-macos-arm64 0.1.2 24.00 NOTE
r-release-macos-x86_64 0.1.2 32.00 NOTE
r-release-windows-x86_64 0.1.2 19.00 81.00 100.00 NOTE
r-oldrel-macos-arm64 0.1.2 28.00 NOTE
r-oldrel-macos-x86_64 0.1.2 44.00 NOTE
r-oldrel-windows-ix86+x86_64 0.1.2 8.00 75.00 83.00 NOTE

Check Details

Version: 0.1.2
Check: LazyData
Result: NOTE
     'LazyData' is specified without a 'data' directory
Flavors: r-devel-linux-x86_64-debian-clang, r-devel-linux-x86_64-debian-gcc, r-devel-linux-x86_64-fedora-clang, r-devel-linux-x86_64-fedora-gcc, r-devel-windows-x86_64, r-patched-linux-x86_64, r-release-linux-x86_64, r-release-macos-arm64, r-release-macos-x86_64, r-release-windows-x86_64, r-oldrel-macos-arm64, r-oldrel-macos-x86_64, r-oldrel-windows-ix86+x86_64