CRAN Package Check Results for Package rprojroot

Last updated on 2019-04-20 10:47:56 CEST.

Flavor Version Tinstall Tcheck Ttotal Status Flags
r-devel-linux-x86_64-debian-clang 1.3-2 1.98 23.09 25.07 OK
r-devel-linux-x86_64-debian-gcc 1.3-2 2.37 21.92 24.29 OK
r-devel-linux-x86_64-fedora-clang 1.3-2 30.70 OK
r-devel-linux-x86_64-fedora-gcc 1.3-2 29.27 OK
r-devel-windows-ix86+x86_64 1.3-2 8.00 49.00 57.00 OK
r-patched-linux-x86_64 1.3-2 1.67 22.89 24.56 OK
r-patched-solaris-x86 1.3-2 43.90 OK
r-release-linux-x86_64 1.3-2 1.02 21.81 22.83 OK
r-release-windows-ix86+x86_64 1.3-2 3.00 48.00 51.00 OK
r-release-osx-x86_64 1.3-2 ERROR
r-oldrel-windows-ix86+x86_64 1.3-2 3.00 49.00 52.00 OK
r-oldrel-osx-x86_64 1.3-2 OK

Check Details

Version: 1.3-2
Check: tests
Result: ERROR
     Running ‘testthat.R’ [2s/2s]
    Running the tests in ‘tests/testthat.R’ failed.
    Last 13 lines of output:
     11: stringr::str_trim
     12: getExportedValue(pkg, name)
     13: asNamespace(ns)
     14: getNamespace(ns)
     15: tryCatch(loadNamespace(name), error = function(e) stop(e))
     16: tryCatchList(expr, classes, parentenv, handlers)
     17: tryCatchOne(expr, names, parentenv, handlers[[1L]])
     18: value[[3L]](cond)
    
     ══ testthat results ═══════════════════════════════════════════════════════════
     OK: 73 SKIPPED: 8 FAILED: 1
     1. Error: thisfile works with knitr (@test-thisfile.R#28)
    
     Error: testthat unit tests failed
     Execution halted
Flavor: r-release-osx-x86_64

Version: 1.3-2
Check: re-building of vignette outputs
Result: WARN
    Error in re-building vignettes:
     ...
    Warning in engine$weave(file, quiet = quiet, encoding = enc) :
     Pandoc (>= 1.12.3) and/or pandoc-citeproc not available. Falling back to R Markdown v1.
    Error: processing vignette 'rprojroot.Rmd' failed with diagnostics:
    shared object 'stringi.so' not found
    Execution halted
Flavor: r-release-osx-x86_64