CRAN Package Check Results for Package rptR

Last updated on 2020-09-29 09:49:06 CEST.

Flavor Version Tinstall Tcheck Ttotal Status Flags
r-devel-linux-x86_64-debian-clang 0.9.22 4.62 163.08 167.70 OK
r-devel-linux-x86_64-debian-gcc 0.9.22 3.34 119.81 123.15 OK
r-devel-linux-x86_64-fedora-clang 0.9.22 201.10 NOTE
r-devel-linux-x86_64-fedora-gcc 0.9.22 200.25 NOTE
r-devel-windows-ix86+x86_64 0.9.22 8.00 167.00 175.00 OK
r-patched-linux-x86_64 0.9.22 4.18 158.43 162.61 OK
r-patched-solaris-x86 0.9.22 287.60 NOTE
r-release-linux-x86_64 0.9.22 4.29 158.62 162.91 OK
r-release-macos-x86_64 0.9.22 NOTE
r-release-windows-ix86+x86_64 0.9.22 8.00 226.00 234.00 OK
r-oldrel-macos-x86_64 0.9.22 NOTE
r-oldrel-windows-ix86+x86_64 0.9.22 7.00 219.00 226.00 OK

Check Details

Version: 0.9.22
Check: dependencies in R code
Result: NOTE
    Namespace in Imports field not imported from: ‘methods’
     All declared Imports should be used.
Flavors: r-devel-linux-x86_64-fedora-clang, r-devel-linux-x86_64-fedora-gcc, r-patched-solaris-x86, r-release-macos-x86_64, r-oldrel-macos-x86_64