CRAN Package Check Results for Package rpymat

Last updated on 2022-07-01 11:52:10 CEST.

Flavor Version Tinstall Tcheck Ttotal Status Flags
r-devel-linux-x86_64-debian-clang 0.1.2 3.32 26.58 29.90 OK
r-devel-linux-x86_64-debian-gcc 0.1.2 2.23 20.71 22.94 OK
r-devel-linux-x86_64-fedora-clang 0.1.2 47.50 NOTE
r-devel-linux-x86_64-fedora-gcc 0.1.2 46.98 NOTE
r-devel-windows-x86_64 0.1.2 13.00 50.00 63.00 OK
r-patched-linux-x86_64 0.1.2 3.05 26.52 29.57 OK
r-release-linux-x86_64 0.1.2 2.78 26.10 28.88 OK
r-release-macos-arm64 0.1.2 14.00 NOTE
r-release-macos-x86_64 0.1.2 21.00 NOTE
r-release-windows-x86_64 0.1.2 13.00 49.00 62.00 OK
r-oldrel-macos-arm64 0.1.2 15.00 NOTE
r-oldrel-macos-x86_64 0.1.2 22.00 NOTE
r-oldrel-windows-ix86+x86_64 0.1.2 7.00 44.00 51.00 OK

Check Details

Version: 0.1.2
Check: dependencies in R code
Result: NOTE
    Namespace in Imports field not imported from: ‘IRkernel’
     All declared Imports should be used.
Flavors: r-devel-linux-x86_64-fedora-clang, r-devel-linux-x86_64-fedora-gcc, r-release-macos-arm64, r-release-macos-x86_64, r-oldrel-macos-arm64, r-oldrel-macos-x86_64