CRAN Package Check Results for Package rr

Last updated on 2019-01-22 21:48:21 CET.

Flavor Version Tinstall Tcheck Ttotal Status Flags
r-devel-linux-x86_64-debian-clang 1.4 8.86 98.43 107.29 OK
r-devel-linux-x86_64-debian-gcc 1.4 6.87 75.90 82.77 OK
r-devel-linux-x86_64-fedora-clang 1.4 128.23 NOTE
r-devel-linux-x86_64-fedora-gcc 1.4 123.01 NOTE
r-devel-windows-ix86+x86_64 1.4 24.00 180.00 204.00 OK
r-patched-linux-x86_64 1.4 7.12 93.10 100.22 OK
r-patched-solaris-x86 1.4 184.90 OK
r-release-linux-x86_64 1.4 8.96 93.04 102.00 OK
r-release-windows-ix86+x86_64 1.4 24.00 205.00 229.00 OK
r-release-osx-x86_64 1.4 OK
r-oldrel-windows-ix86+x86_64 1.4 20.00 175.00 195.00 OK
r-oldrel-osx-x86_64 1.4 OK

Check Details

Version: 1.4
Check: compiled code
Result: NOTE
    File ‘rr/libs/rr.so’:
     Found no calls to: ‘R_registerRoutines’, ‘R_useDynamicSymbols’
    
    It is good practice to register native routines and to disable symbol
    search.
    
    See ‘Writing portable packages’ in the ‘Writing R Extensions’ manual.
Flavors: r-devel-linux-x86_64-fedora-clang, r-devel-linux-x86_64-fedora-gcc