CRAN Package Check Results for Package rr

Last updated on 2019-03-23 15:48:17 CET.

Flavor Version Tinstall Tcheck Ttotal Status Flags
r-devel-linux-x86_64-debian-clang 1.4 10.85 96.01 106.86 OK
r-devel-linux-x86_64-debian-gcc 1.4 8.52 75.72 84.24 OK
r-devel-linux-x86_64-fedora-clang 1.4 133.57 NOTE
r-devel-linux-x86_64-fedora-gcc 1.4 128.07 NOTE
r-devel-windows-ix86+x86_64 1.4 33.00 204.00 237.00 OK
r-patched-linux-x86_64 1.4 8.66 93.78 102.44 OK
r-patched-solaris-x86 1.4 182.40 OK
r-release-linux-x86_64 1.4 0.33 2.16 2.49 ERROR
r-release-windows-ix86+x86_64 1.4 20.00 169.00 189.00 OK
r-release-osx-x86_64 1.4 OK
r-oldrel-windows-ix86+x86_64 1.4 30.00 217.00 247.00 OK
r-oldrel-osx-x86_64 1.4 OK

Check Details

Version: 1.4
Check: compiled code
Result: NOTE
    File ‘rr/libs/rr.so’:
     Found no calls to: ‘R_registerRoutines’, ‘R_useDynamicSymbols’
    
    It is good practice to register native routines and to disable symbol
    search.
    
    See ‘Writing portable packages’ in the ‘Writing R Extensions’ manual.
Flavors: r-devel-linux-x86_64-fedora-clang, r-devel-linux-x86_64-fedora-gcc

Version: 1.4
Check: whether package can be installed
Result: ERROR
    Installation failed.
Flavor: r-release-linux-x86_64