CRAN Package Check Results for Package rr

Last updated on 2020-06-06 14:46:57 CEST.

Flavor Version Tinstall Tcheck Ttotal Status Flags
r-devel-linux-x86_64-debian-clang 1.4 14.83 99.43 114.26 OK
r-devel-linux-x86_64-debian-gcc 1.4 10.68 75.25 85.93 OK
r-devel-linux-x86_64-fedora-clang 1.4 145.27 NOTE
r-devel-linux-x86_64-fedora-gcc 1.4 136.70 NOTE
r-devel-windows-ix86+x86_64 1.4 39.00 232.00 271.00 OK
r-patched-linux-x86_64 1.4 11.94 98.62 110.56 OK
r-patched-solaris-x86 1.4 206.90 OK
r-release-linux-x86_64 1.4 12.85 98.81 111.66 OK
r-release-osx-x86_64 1.4 OK
r-release-windows-ix86+x86_64 1.4 49.00 223.00 272.00 OK
r-oldrel-osx-x86_64 1.4 OK
r-oldrel-windows-ix86+x86_64 1.4 37.00 173.00 210.00 OK

Check Details

Version: 1.4
Check: compiled code
Result: NOTE
    File ‘rr/libs/rr.so’:
     Found no calls to: ‘R_registerRoutines’, ‘R_useDynamicSymbols’
    
    It is good practice to register native routines and to disable symbol
    search.
    
    See ‘Writing portable packages’ in the ‘Writing R Extensions’ manual.
Flavors: r-devel-linux-x86_64-fedora-clang, r-devel-linux-x86_64-fedora-gcc