CRAN Package Check Results for Package rrcovNA

Last updated on 2021-09-19 14:49:42 CEST.

Flavor Version Tinstall Tcheck Ttotal Status Flags
r-devel-linux-x86_64-debian-clang 0.4-15 10.30 62.79 73.09 OK
r-devel-linux-x86_64-debian-gcc 0.4-15 9.45 48.15 57.60 OK
r-devel-linux-x86_64-fedora-clang 0.4-15 98.57 OK
r-devel-linux-x86_64-fedora-gcc 0.4-15 94.39 OK
r-devel-windows-x86_64 0.4-15 14.00 87.00 101.00 OK
r-devel-windows-x86_64-gcc10-UCRT 0.4-15 ERROR
r-patched-linux-x86_64 0.4-15 14.08 60.48 74.56 OK
r-patched-solaris-x86 0.4-15 124.50 OK
r-release-linux-x86_64 0.4-15 11.32 60.26 71.58 OK
r-release-macos-arm64 0.4-15 OK
r-release-macos-x86_64 0.4-15 OK
r-release-windows-ix86+x86_64 0.4-15 28.00 83.00 111.00 OK
r-oldrel-macos-x86_64 0.4-15 OK
r-oldrel-windows-ix86+x86_64 0.4-15 28.00 92.00 120.00 OK

Check Details

Version: 0.4-15
Check: whether package can be installed
Result: ERROR
    Installation failed.
Flavor: r-devel-windows-x86_64-gcc10-UCRT