CRAN Package Check Results for Package rredis

Last updated on 2019-10-22 05:47:26 CEST.

Flavor Version Tinstall Tcheck Ttotal Status Flags
r-devel-linux-x86_64-debian-clang 1.7.0 3.67 31.28 34.95 OK
r-devel-linux-x86_64-debian-gcc 1.7.0 2.96 25.07 28.03 OK
r-devel-linux-x86_64-fedora-clang 1.7.0 44.31 NOTE
r-devel-linux-x86_64-fedora-gcc 1.7.0 45.61 NOTE
r-devel-windows-ix86+x86_64 1.7.0 16.00 79.00 95.00 OK
r-patched-linux-x86_64 1.7.0 3.27 31.41 34.68 OK
r-patched-solaris-x86 1.7.0 59.10 OK
r-release-linux-x86_64 1.7.0 3.22 31.15 34.37 OK
r-release-windows-ix86+x86_64 1.7.0 20.00 61.00 81.00 OK
r-release-osx-x86_64 1.7.0 OK
r-oldrel-windows-ix86+x86_64 1.7.0 10.00 76.00 86.00 OK
r-oldrel-osx-x86_64 1.7.0 OK

Check Details

Version: 1.7.0
Check: compiled code
Result: NOTE
    File ‘rredis/libs/rredis.so’:
     Found no calls to: ‘R_registerRoutines’, ‘R_useDynamicSymbols’
    
    It is good practice to register native routines and to disable symbol
    search.
    
    See ‘Writing portable packages’ in the ‘Writing R Extensions’ manual.
Flavors: r-devel-linux-x86_64-fedora-clang, r-devel-linux-x86_64-fedora-gcc