CRAN Package Check Results for Package rredis

Last updated on 2020-06-01 04:47:08 CEST.

Flavor Version Tinstall Tcheck Ttotal Status Flags
r-devel-linux-x86_64-debian-clang 1.7.0 4.35 34.71 39.06 OK
r-devel-linux-x86_64-debian-gcc 1.7.0 3.39 27.58 30.97 OK
r-devel-linux-x86_64-fedora-clang 1.7.0 57.91 NOTE
r-devel-linux-x86_64-fedora-gcc 1.7.0 47.25 NOTE
r-devel-windows-ix86+x86_64 1.7.0 17.00 73.00 90.00 OK
r-patched-linux-x86_64 1.7.0 4.09 34.82 38.91 OK
r-patched-solaris-x86 1.7.0 63.50 OK
r-release-linux-x86_64 1.7.0 4.01 34.49 38.50 OK
r-release-osx-x86_64 1.7.0 OK
r-release-windows-ix86+x86_64 1.7.0 12.00 83.00 95.00 OK
r-oldrel-osx-x86_64 1.7.0 OK
r-oldrel-windows-ix86+x86_64 1.7.0 12.00 59.00 71.00 OK

Check Details

Version: 1.7.0
Check: compiled code
Result: NOTE
    File ‘rredis/libs/rredis.so’:
     Found no calls to: ‘R_registerRoutines’, ‘R_useDynamicSymbols’
    
    It is good practice to register native routines and to disable symbol
    search.
    
    See ‘Writing portable packages’ in the ‘Writing R Extensions’ manual.
Flavors: r-devel-linux-x86_64-fedora-clang, r-devel-linux-x86_64-fedora-gcc