Last updated on 2023-03-26 00:51:54 CET.
Flavor | Version | Tinstall | Tcheck | Ttotal | Status | Flags |
---|---|---|---|---|---|---|
r-devel-linux-x86_64-debian-clang | 0.7.1 | 2.97 | 29.48 | 32.45 | OK | |
r-devel-linux-x86_64-debian-gcc | 0.7.1 | 2.00 | 23.03 | 25.03 | OK | |
r-devel-linux-x86_64-fedora-clang | 0.7.1 | 41.72 | OK | |||
r-devel-linux-x86_64-fedora-gcc | 0.7.1 | 38.92 | OK | |||
r-patched-linux-x86_64 | 0.7.1 | 3.67 | 28.47 | 32.14 | OK | |
r-release-linux-x86_64 | 0.7.1 | 3.39 | 28.62 | 32.01 | OK | |
r-release-macos-arm64 | 0.7.1 | 18.00 | OK | |||
r-release-macos-x86_64 | 0.7.1 | 25.00 | OK | |||
r-release-windows-x86_64 | 0.7.1 | 56.00 | 56.00 | 112.00 | OK | |
r-oldrel-macos-arm64 | 0.7.1 | 23.00 | OK | |||
r-oldrel-macos-x86_64 | 0.7.1 | 27.00 | OK | |||
r-oldrel-windows-ix86+x86_64 | 0.7.1 | 7.00 | 57.00 | 64.00 | NOTE |
Version: 0.7.1
Check: dependencies in R code
Result: NOTE
Initiating curl with CURL_SSL_BACKEND: openssl
Flavor: r-oldrel-windows-ix86+x86_64