CRAN Package Check Results for Package rrlda

Last updated on 2020-04-10 05:48:42 CEST.

Flavor Version Tinstall Tcheck Ttotal Status Flags
r-devel-linux-x86_64-debian-clang 1.1 16.84 113.95 130.79 NOTE
r-devel-linux-x86_64-debian-gcc 1.1 13.38 87.76 101.14 NOTE
r-devel-linux-x86_64-fedora-clang 1.1 159.35 NOTE
r-devel-linux-x86_64-fedora-gcc 1.1 160.32 NOTE
r-devel-windows-ix86+x86_64 1.1 48.00 253.00 301.00 NOTE
r-devel-windows-ix86+x86_64-gcc8 1.1 35.00 123.00 158.00 NOTE
r-patched-linux-x86_64 1.1 16.84 109.37 126.21 NOTE
r-patched-osx-x86_64 1.1 NOTE
r-patched-solaris-x86 1.1 246.80 NOTE
r-release-linux-x86_64 1.1 15.17 99.64 114.81 NOTE
r-release-windows-ix86+x86_64 1.1 65.00 170.00 235.00 NOTE
r-release-osx-x86_64 1.1 NOTE
r-oldrel-windows-ix86+x86_64 1.1 36.00 124.00 160.00 NOTE
r-oldrel-osx-x86_64 1.1 NOTE

Check Details

Version: 1.1
Check: dependencies in R code
Result: NOTE
    Packages in Depends field not imported from:
     'glasso' 'matrixcalc' 'mvoutlier' 'pcaPP'
     These packages need to be imported from (in the NAMESPACE file)
     for when this namespace is loaded but not attached.
Flavors: r-devel-linux-x86_64-debian-clang, r-devel-linux-x86_64-debian-gcc, r-devel-linux-x86_64-fedora-clang, r-devel-linux-x86_64-fedora-gcc, r-devel-windows-ix86+x86_64, r-devel-windows-ix86+x86_64-gcc8, r-patched-linux-x86_64, r-patched-osx-x86_64, r-patched-solaris-x86, r-release-linux-x86_64, r-release-windows-ix86+x86_64, r-release-osx-x86_64, r-oldrel-windows-ix86+x86_64, r-oldrel-osx-x86_64

Version: 1.1
Check: R code for possible problems
Result: NOTE
    rrest: no visible binding for global variable 'glasso'
    rrest: no visible global function definition for 'pcout'
    rrest: no visible global function definition for 'var'
    rrest: no visible global function definition for 'mahalanobis'
    rrlda : centerObservations: no visible global function definition for
     'l1median_NLM'
    rrlda : df.L2glasso: no visible global function definition for
     'duplication.matrix'
    rrlda : alt.df.L2glasso: no visible global function definition for
     'lower.triangle'
    Undefined global functions or variables:
     duplication.matrix glasso l1median_NLM lower.triangle mahalanobis
     pcout var
    Consider adding
     importFrom("stats", "mahalanobis", "var")
    to your NAMESPACE file.
Flavors: r-devel-linux-x86_64-debian-clang, r-devel-linux-x86_64-debian-gcc, r-devel-linux-x86_64-fedora-clang, r-devel-linux-x86_64-fedora-gcc, r-devel-windows-ix86+x86_64, r-devel-windows-ix86+x86_64-gcc8, r-patched-linux-x86_64, r-patched-osx-x86_64, r-patched-solaris-x86, r-release-linux-x86_64, r-release-windows-ix86+x86_64, r-release-osx-x86_64, r-oldrel-windows-ix86+x86_64, r-oldrel-osx-x86_64