CRAN Package Check Results for Package rromeo

Last updated on 2021-08-05 00:52:25 CEST.

Flavor Version Tinstall Tcheck Ttotal Status Flags
r-devel-linux-x86_64-debian-clang 0.1.1 2.94 35.34 38.28 NOTE
r-devel-linux-x86_64-debian-gcc 0.1.1 2.04 27.54 29.58 NOTE
r-devel-linux-x86_64-fedora-clang 0.1.1 54.42 NOTE
r-devel-linux-x86_64-fedora-gcc 0.1.1 44.40 NOTE
r-devel-windows-x86_64 0.1.1 4.00 58.00 62.00 NOTE
r-devel-windows-x86_64-gcc10-UCRT 0.1.1 NOTE
r-patched-linux-x86_64 0.1.1 3.37 33.55 36.92 NOTE
r-patched-solaris-x86 0.1.1 68.40 NOTE
r-release-linux-x86_64 0.1.1 2.79 33.54 36.33 NOTE
r-release-macos-arm64 0.1.1 NOTE
r-release-macos-x86_64 0.1.1 NOTE
r-release-windows-ix86+x86_64 0.1.1 6.00 55.00 61.00 NOTE
r-oldrel-macos-x86_64 0.1.1 OK
r-oldrel-windows-ix86+x86_64 0.1.1 24.00 54.00 78.00 OK

Check Details

Version: 0.1.1
Check: LazyData
Result: NOTE
     'LazyData' is specified without a 'data' directory
Flavors: r-devel-linux-x86_64-debian-clang, r-devel-linux-x86_64-debian-gcc, r-devel-linux-x86_64-fedora-clang, r-devel-linux-x86_64-fedora-gcc, r-devel-windows-x86_64, r-devel-windows-x86_64-gcc10-UCRT, r-patched-linux-x86_64, r-patched-solaris-x86, r-release-linux-x86_64, r-release-macos-arm64, r-release-macos-x86_64, r-release-windows-ix86+x86_64