CRAN Package Check Results for Package rrr

Last updated on 2021-06-17 09:51:59 CEST.

Flavor Version Tinstall Tcheck Ttotal Status Flags
r-devel-linux-x86_64-debian-clang 1.0.0 8.08 95.37 103.45 OK
r-devel-linux-x86_64-debian-gcc 1.0.0 6.40 69.11 75.51 OK
r-devel-linux-x86_64-fedora-clang 1.0.0 125.89 NOTE
r-devel-linux-x86_64-fedora-gcc 1.0.0 115.05 NOTE
r-devel-windows-x86_64 1.0.0 12.00 120.00 132.00 OK
r-devel-windows-x86_64-gcc10-UCRT 1.0.0 NOTE
r-patched-linux-x86_64 1.0.0 6.89 87.76 94.65 OK
r-patched-solaris-x86 1.0.0 168.70 NOTE
r-release-linux-x86_64 1.0.0 7.02 89.38 96.40 OK
r-release-macos-arm64 1.0.0 NOTE
r-release-macos-x86_64 1.0.0 NOTE
r-release-windows-ix86+x86_64 1.0.0 17.00 118.00 135.00 OK
r-oldrel-macos-x86_64 1.0.0 NOTE
r-oldrel-windows-ix86+x86_64 1.0.0 12.00 117.00 129.00 OK

Check Details

Version: 1.0.0
Check: dependencies in R code
Result: NOTE
    Namespace in Imports field not imported from: ‘Rcpp’
     All declared Imports should be used.
Flavors: r-devel-linux-x86_64-fedora-clang, r-devel-linux-x86_64-fedora-gcc, r-devel-windows-x86_64-gcc10-UCRT, r-patched-solaris-x86, r-release-macos-arm64, r-release-macos-x86_64, r-oldrel-macos-x86_64