CRAN Package Check Results for Package rrscale

Last updated on 2019-08-26 11:48:55 CEST.

Flavor Version Tinstall Tcheck Ttotal Status Flags
r-devel-linux-x86_64-debian-clang 0.1.3 2.51 33.52 36.03 NOTE
r-devel-linux-x86_64-debian-gcc 0.1.3 2.11 25.73 27.84 NOTE
r-devel-linux-x86_64-fedora-clang 0.1.3 44.31 NOTE
r-devel-linux-x86_64-fedora-gcc 0.1.3 42.10 NOTE
r-devel-windows-ix86+x86_64 0.1.3 8.00 47.00 55.00 NOTE
r-patched-linux-x86_64 0.1.3 2.46 32.63 35.09 OK
r-patched-solaris-x86 0.1.3 65.30 NOTE
r-release-linux-x86_64 0.1.3 2.28 33.08 35.36 OK
r-release-windows-ix86+x86_64 0.1.3 7.00 62.00 69.00 OK
r-release-osx-x86_64 0.1.3 NOTE
r-oldrel-windows-ix86+x86_64 0.1.3 5.00 66.00 71.00 OK
r-oldrel-osx-x86_64 0.1.3 NOTE

Check Details

Version: 0.1.3
Check: package vignettes
Result: NOTE
    Package vignette with placeholder title 'Vignette Title':
     'rescaling_data.Rmd'
Flavors: r-devel-linux-x86_64-debian-clang, r-devel-linux-x86_64-debian-gcc, r-devel-windows-ix86+x86_64

Version: 0.1.3
Check: dependencies in R code
Result: NOTE
    Namespace in Imports field not imported from: ‘abind’
     All declared Imports should be used.
Flavors: r-devel-linux-x86_64-fedora-clang, r-devel-linux-x86_64-fedora-gcc, r-patched-solaris-x86, r-release-osx-x86_64, r-oldrel-osx-x86_64