Last updated on 2023-01-27 08:52:48 CET.
Flavor | Version | Tinstall | Tcheck | Ttotal | Status | Flags |
---|---|---|---|---|---|---|
r-devel-linux-x86_64-debian-clang | 0.2.0 | 34.40 | 29.64 | 64.04 | OK | |
r-devel-linux-x86_64-debian-gcc | 0.2.0 | 24.22 | 23.22 | 47.44 | NOTE | |
r-devel-linux-x86_64-fedora-clang | 0.2.0 | 91.17 | NOTE | |||
r-devel-linux-x86_64-fedora-gcc | 0.2.0 | 87.82 | NOTE | |||
r-patched-linux-x86_64 | 0.2.0 | 29.61 | 29.01 | 58.62 | OK | |
r-release-linux-x86_64 | 0.2.0 | 30.41 | 29.46 | 59.87 | OK | |
r-release-macos-arm64 | 0.2.0 | 27.00 | OK | |||
r-release-macos-x86_64 | 0.2.0 | 37.00 | OK | |||
r-release-windows-x86_64 | 0.2.0 | 33.00 | 84.00 | 117.00 | OK | |
r-oldrel-macos-arm64 | 0.2.0 | 30.00 | OK | |||
r-oldrel-macos-x86_64 | 0.2.0 | 49.00 | OK | |||
r-oldrel-windows-ix86+x86_64 | 0.2.0 | 84.00 | 84.00 | 168.00 | OK |
Version: 0.2.0
Check: C++ specification
Result: NOTE
Specified C++11: please update to current default of C++17
Flavors: r-devel-linux-x86_64-debian-gcc, r-devel-linux-x86_64-fedora-clang, r-devel-linux-x86_64-fedora-gcc