CRAN Package Check Results for Package rsat

Last updated on 2022-07-05 11:50:03 CEST.

Flavor Version Tinstall Tcheck Ttotal Status Flags
r-devel-linux-x86_64-debian-clang 0.1.18 61.92 0.03 61.95 FAIL
r-devel-linux-x86_64-debian-gcc 0.1.18 48.16 321.70 369.86 OK
r-devel-linux-x86_64-fedora-clang 0.1.18 590.46 ERROR
r-devel-linux-x86_64-fedora-gcc 0.1.18 547.76 ERROR
r-devel-windows-x86_64 0.1.18 111.00 1354.00 1465.00 OK
r-patched-linux-x86_64 0.1.18 51.37 419.65 471.02 OK
r-release-linux-x86_64 0.1.18 45.41 422.41 467.82 OK
r-release-macos-arm64 0.1.18 202.00 OK
r-release-macos-x86_64 0.1.18 340.00 OK
r-release-windows-x86_64 0.1.18 111.00 0.00 111.00 FAIL
r-oldrel-macos-arm64 0.1.18 209.00 OK
r-oldrel-macos-x86_64 0.1.18 237.00 OK
r-oldrel-windows-ix86+x86_64 0.1.18 126.00 1070.00 1196.00 OK

Check Details

Version: 0.1.18
Check: tests
Result: FAIL
Flavor: r-devel-linux-x86_64-debian-clang

Version: 0.1.18
Check: tests
Result: ERROR
     Running ‘testthat.R’ [0m/90m]
    Running the tests in ‘tests/testthat.R’ failed.
    Complete output:
     > library(testthat)
     > library(rsat)
     >
     > test_check("rsat")
    
     <simpleError in curl_download(pic.url, destfile = destfile, handle = c.handle): Operation was aborted by an application callback>
    
     <simpleError in curl::curl_fetch_memory(url, handle = handle): Operation was aborted by an application callback>
     Name: Navarre
     -N. records: 56
     -Products: mod09ga, LANDSAT_8_C1_lvl2, S2MSI2A
     -Satellites: Modis, Landsat-8, Sentinel-2
     -Dir size: 0GB
     -Dates: from 2020-01-12 to 2020-01-26
     -Database dir:
     -rtoi dir: /tmp/RtmprfpiMw/working_dir/RtmpVli2nE/Navarre
     Name: Navarre
     -N. records: 56
     -Products: mod09ga, LANDSAT_8_C1_lvl2, S2MSI2A
     -Satellites: Modis, Landsat-8, Sentinel-2
     -Dir size: 0GB
     -Dates: from 2020-01-12 to 2020-01-26
     -Database dir:
     -rtoi dir: /tmp/RtmprfpiMw/working_dir/RtmpVli2nE/Navarre
     <simpleError in names(x) <- value: 'names' attribute [4] must be the same length as the vector [0]>
     Data and variable methods provided by rsat
     Satellite products: ls1, ls2, ls3, ls4, ls5, ls7, ls8, mod09ga, myd09ga, mcd43a4, Sentinel-1, Sentinel-2, Sentinel-3, SY_2_SYN___.
     Variable Methods: EVI, MSAVI2, NBR, NBR2, NDMI, NDVI, NDWI, RGB, SAVI.<simpleError in names(x) <- value: 'names' attribute [4] must be the same length as the vector [0]>
     [1] "Testing records..."
     Api_name Portal Username Password
     [1,] "earthexplorer" "usgs" "username" "password"
     [2,] "ESPA" "earthdata" "username" "password"
     [3,] "nasa_inventory" "usgs" "username" "password"
     [4,] "scihub" "scihub" "username" "password"
     [1] "Adding query region"
     sat name date product path row
     1 Modis MOD09GA.A2021061.h17v04.006.2021063025039 2021-03-02 mod09ga 17 4
     2 Modis MOD09GA.A2021062.h17v04.006.2021065050034 2021-03-03 mod09ga 17 4
     3 Modis MOD09GA.A2021063.h17v04.006.2021065034222 2021-03-04 mod09ga 17 4
     4 Modis MOD09GA.A2021064.h17v04.006.2021066033734 2021-03-05 mod09ga 17 4
     5 Modis MOD09GA.A2021065.h17v04.006.2021067030742 2021-03-06 mod09ga 17 4
     6 Modis MOD09GA.A2021066.h17v04.006.2021068052152 2021-03-07 mod09ga 17 4
     tileid
     1
     2
     3
     4
     5
     6
     download
     1 https://e4ftl01.cr.usgs.gov//DP109/MOLT/MOD09GA.006/2021.03.02/MOD09GA.A2021061.h17v04.006.2021063025039.hdf
     2 https://e4ftl01.cr.usgs.gov//DP109/MOLT/MOD09GA.006/2021.03.03/MOD09GA.A2021062.h17v04.006.2021065050034.hdf
     3 https://e4ftl01.cr.usgs.gov//DP109/MOLT/MOD09GA.006/2021.03.04/MOD09GA.A2021063.h17v04.006.2021065034222.hdf
     4 https://e4ftl01.cr.usgs.gov//DP109/MOLT/MOD09GA.006/2021.03.05/MOD09GA.A2021064.h17v04.006.2021066033734.hdf
     5 https://e4ftl01.cr.usgs.gov//DP109/MOLT/MOD09GA.006/2021.03.06/MOD09GA.A2021065.h17v04.006.2021067030742.hdf
     6 https://e4ftl01.cr.usgs.gov//DP109/MOLT/MOD09GA.006/2021.03.07/MOD09GA.A2021066.h17v04.006.2021068052152.hdf
     file_path
     1 Modis/mod09ga/MOD09GA.A2021061.h17v04.006.2021063025039.hdf
     2 Modis/mod09ga/MOD09GA.A2021062.h17v04.006.2021065050034.hdf
     3 Modis/mod09ga/MOD09GA.A2021063.h17v04.006.2021065034222.hdf
     4 Modis/mod09ga/MOD09GA.A2021064.h17v04.006.2021066033734.hdf
     5 Modis/mod09ga/MOD09GA.A2021065.h17v04.006.2021067030742.hdf
     6 Modis/mod09ga/MOD09GA.A2021066.h17v04.006.2021068052152.hdf
     preview
     1 https://e4ftl01.cr.usgs.gov//WORKING/BRWS/Browse.001/2021.03.04/BROWSE.MOD09GA.A2021061.h17v04.006.2021063025039.1.jpg
     2 https://e4ftl01.cr.usgs.gov//WORKING/BRWS/Browse.001/2021.03.06/BROWSE.MOD09GA.A2021062.h17v04.006.2021065050034.1.jpg
     3 https://e4ftl01.cr.usgs.gov//WORKING/BRWS/Browse.001/2021.03.06/BROWSE.MOD09GA.A2021063.h17v04.006.2021065034222.1.jpg
     4 https://e4ftl01.cr.usgs.gov//WORKING/BRWS/Browse.001/2021.03.07/BROWSE.MOD09GA.A2021064.h17v04.006.2021066033734.1.jpg
     5 https://e4ftl01.cr.usgs.gov//WORKING/BRWS/Browse.001/2021.03.08/BROWSE.MOD09GA.A2021065.h17v04.006.2021067030742.1.jpg
     6 https://e4ftl01.cr.usgs.gov//WORKING/BRWS/Browse.001/2021.03.09/BROWSE.MOD09GA.A2021066.h17v04.006.2021068052152.1.jpg
     api_name order EPSG xmin ymin xmax ymax
     1 nasa_inventory FALSE 54008 -1114607 4425384 -64.49701 5535855
     2 nasa_inventory FALSE 54008 -1114607 4425384 -64.49701 5535855
     3 nasa_inventory FALSE 54008 -1114607 4425384 -64.49701 5535855
     4 nasa_inventory FALSE 54008 -1114607 4425384 -64.49701 5535855
     5 nasa_inventory FALSE 54008 -1114607 4425384 -64.49701 5535855
     6 nasa_inventory FALSE 54008 -1114607 4425384 -64.49701 5535855
     Record:
     sat: Modis
     name: MOD09GA.A2021061.h17v04.006.2021063025039
     date: 2021-03-02
     product: mod09ga
     path: 17
     row: 4
     tileid:
     download: https://e4ftl01.cr.usgs.gov//DP109/MOLT/MOD09GA.006/2021.03.02/MOD09GA.A2021061.h17v04.006.2021063025039.hdf
     file_path: Modis/mod09ga/MOD09GA.A2021061.h17v04.006.2021063025039.hdf
     preview: https://e4ftl01.cr.usgs.gov//WORKING/BRWS/Browse.001/2021.03.04/BROWSE.MOD09GA.A2021061.h17v04.006.2021063025039.1.jpg
     api_name: nasa_inventory
     order: FALSE
     [1] "Testing rtoi..."
     Data and variable methods provided by rsat
     Satellite products: ls1, ls2, ls3, ls4, ls5, ls7, ls8, mod09ga, myd09ga, mcd43a4, Sentinel-1, Sentinel-2, Sentinel-3, SY_2_SYN___.
     Variable Methods: EVI, MSAVI2, NBR, NBR2, NDMI, NDVI, NDWI, RGB, SAVI.[1] "Adding query region"
Flavor: r-devel-linux-x86_64-fedora-clang

Version: 0.1.18
Check: tests
Result: ERROR
     Running ‘testthat.R’ [0m/90m]
    Running the tests in ‘tests/testthat.R’ failed.
    Complete output:
     > library(testthat)
     > library(rsat)
     >
     > test_check("rsat")
    
     <simpleError in curl_download(pic.url, destfile = destfile, handle = c.handle): Operation was aborted by an application callback>
    
     <simpleError in curl::curl_fetch_memory(url, handle = handle): Operation was aborted by an application callback>
     Name: Navarre
     -N. records: 56
     -Products: mod09ga, LANDSAT_8_C1_lvl2, S2MSI2A
     -Satellites: Modis, Landsat-8, Sentinel-2
     -Dir size: 0GB
     -Dates: from 2020-01-12 to 2020-01-26
     -Database dir:
     -rtoi dir: /tmp/RtmpZHjDPU/working_dir/RtmpNiCKr0/Navarre
     Name: Navarre
     -N. records: 56
     -Products: mod09ga, LANDSAT_8_C1_lvl2, S2MSI2A
     -Satellites: Modis, Landsat-8, Sentinel-2
     -Dir size: 0GB
     -Dates: from 2020-01-12 to 2020-01-26
     -Database dir:
     -rtoi dir: /tmp/RtmpZHjDPU/working_dir/RtmpNiCKr0/Navarre
     <simpleError in names(x) <- value: 'names' attribute [4] must be the same length as the vector [0]>
     Data and variable methods provided by rsat
     Satellite products: ls1, ls2, ls3, ls4, ls5, ls7, ls8, mod09ga, myd09ga, mcd43a4, Sentinel-1, Sentinel-2, Sentinel-3, SY_2_SYN___.
     Variable Methods: EVI, MSAVI2, NBR, NBR2, NDMI, NDVI, NDWI, RGB, SAVI.<simpleError in names(x) <- value: 'names' attribute [4] must be the same length as the vector [0]>
     [1] "Testing records..."
     Api_name Portal Username Password
     [1,] "earthexplorer" "usgs" "username" "password"
     [2,] "ESPA" "earthdata" "username" "password"
     [3,] "nasa_inventory" "usgs" "username" "password"
     [4,] "scihub" "scihub" "username" "password"
     [1] "Adding query region"
     sat name date product path row
     1 Modis MOD09GA.A2021061.h17v04.006.2021063025039 2021-03-02 mod09ga 17 4
     2 Modis MOD09GA.A2021062.h17v04.006.2021065050034 2021-03-03 mod09ga 17 4
     3 Modis MOD09GA.A2021063.h17v04.006.2021065034222 2021-03-04 mod09ga 17 4
     4 Modis MOD09GA.A2021064.h17v04.006.2021066033734 2021-03-05 mod09ga 17 4
     5 Modis MOD09GA.A2021065.h17v04.006.2021067030742 2021-03-06 mod09ga 17 4
     6 Modis MOD09GA.A2021066.h17v04.006.2021068052152 2021-03-07 mod09ga 17 4
     tileid
     1
     2
     3
     4
     5
     6
     download
     1 https://e4ftl01.cr.usgs.gov//DP109/MOLT/MOD09GA.006/2021.03.02/MOD09GA.A2021061.h17v04.006.2021063025039.hdf
     2 https://e4ftl01.cr.usgs.gov//DP109/MOLT/MOD09GA.006/2021.03.03/MOD09GA.A2021062.h17v04.006.2021065050034.hdf
     3 https://e4ftl01.cr.usgs.gov//DP109/MOLT/MOD09GA.006/2021.03.04/MOD09GA.A2021063.h17v04.006.2021065034222.hdf
     4 https://e4ftl01.cr.usgs.gov//DP109/MOLT/MOD09GA.006/2021.03.05/MOD09GA.A2021064.h17v04.006.2021066033734.hdf
     5 https://e4ftl01.cr.usgs.gov//DP109/MOLT/MOD09GA.006/2021.03.06/MOD09GA.A2021065.h17v04.006.2021067030742.hdf
     6 https://e4ftl01.cr.usgs.gov//DP109/MOLT/MOD09GA.006/2021.03.07/MOD09GA.A2021066.h17v04.006.2021068052152.hdf
     file_path
     1 Modis/mod09ga/MOD09GA.A2021061.h17v04.006.2021063025039.hdf
     2 Modis/mod09ga/MOD09GA.A2021062.h17v04.006.2021065050034.hdf
     3 Modis/mod09ga/MOD09GA.A2021063.h17v04.006.2021065034222.hdf
     4 Modis/mod09ga/MOD09GA.A2021064.h17v04.006.2021066033734.hdf
     5 Modis/mod09ga/MOD09GA.A2021065.h17v04.006.2021067030742.hdf
     6 Modis/mod09ga/MOD09GA.A2021066.h17v04.006.2021068052152.hdf
     preview
     1 https://e4ftl01.cr.usgs.gov//WORKING/BRWS/Browse.001/2021.03.04/BROWSE.MOD09GA.A2021061.h17v04.006.2021063025039.1.jpg
     2 https://e4ftl01.cr.usgs.gov//WORKING/BRWS/Browse.001/2021.03.06/BROWSE.MOD09GA.A2021062.h17v04.006.2021065050034.1.jpg
     3 https://e4ftl01.cr.usgs.gov//WORKING/BRWS/Browse.001/2021.03.06/BROWSE.MOD09GA.A2021063.h17v04.006.2021065034222.1.jpg
     4 https://e4ftl01.cr.usgs.gov//WORKING/BRWS/Browse.001/2021.03.07/BROWSE.MOD09GA.A2021064.h17v04.006.2021066033734.1.jpg
     5 https://e4ftl01.cr.usgs.gov//WORKING/BRWS/Browse.001/2021.03.08/BROWSE.MOD09GA.A2021065.h17v04.006.2021067030742.1.jpg
     6 https://e4ftl01.cr.usgs.gov//WORKING/BRWS/Browse.001/2021.03.09/BROWSE.MOD09GA.A2021066.h17v04.006.2021068052152.1.jpg
     api_name order EPSG xmin ymin xmax ymax
     1 nasa_inventory FALSE 54008 -1114607 4425384 -64.49701 5535855
     2 nasa_inventory FALSE 54008 -1114607 4425384 -64.49701 5535855
     3 nasa_inventory FALSE 54008 -1114607 4425384 -64.49701 5535855
     4 nasa_inventory FALSE 54008 -1114607 4425384 -64.49701 5535855
     5 nasa_inventory FALSE 54008 -1114607 4425384 -64.49701 5535855
     6 nasa_inventory FALSE 54008 -1114607 4425384 -64.49701 5535855
     Record:
     sat: Modis
     name: MOD09GA.A2021061.h17v04.006.2021063025039
     date: 2021-03-02
     product: mod09ga
     path: 17
     row: 4
     tileid:
     download: https://e4ftl01.cr.usgs.gov//DP109/MOLT/MOD09GA.006/2021.03.02/MOD09GA.A2021061.h17v04.006.2021063025039.hdf
     file_path: Modis/mod09ga/MOD09GA.A2021061.h17v04.006.2021063025039.hdf
     preview: https://e4ftl01.cr.usgs.gov//WORKING/BRWS/Browse.001/2021.03.04/BROWSE.MOD09GA.A2021061.h17v04.006.2021063025039.1.jpg
     api_name: nasa_inventory
     order: FALSE
     [1] "Testing rtoi..."
     Data and variable methods provided by rsat
     Satellite products: ls1, ls2, ls3, ls4, ls5, ls7, ls8, mod09ga, myd09ga, mcd43a4, Sentinel-1, Sentinel-2, Sentinel-3, SY_2_SYN___.
     Variable Methods: EVI, MSAVI2, NBR, NBR2, NDMI, NDVI, NDWI, RGB, SAVI.
Flavor: r-devel-linux-x86_64-fedora-gcc

Version: 0.1.18
Check: tests
Result: FAIL
    Check process probably crashed or hung up for 20 minutes ... killed
    Most likely this happened in the example checks (?),
    if not, ignore the following last lines of example output:
    > ##D navarre <- read_rtoi(file.path(tempdir(),"Navarre"))
    > ##D
    > ##D # get the records
    > ##D rcds <- records(navarre)
    > ##D
    > ##D duplicate.records <- c(rcds[1],rcds[1])
    > ##D length(duplicate.records)
    > ##D print(duplicate.records)
    > ##D single.record <- unique(duplicate.records)
    > ##D length(single.record)
    > ##D print(single.record)
    > ## End(Not run)
    >
    >
    >
    > ### * <FOOTER>
    > ###
    > cleanEx()
    > options(digits = 7L)
    > base::cat("Time elapsed: ", proc.time() - base::get("ptime", pos = 'CheckExEnv'),"\n")
    Time elapsed: 30.4 0.63 31.25 NA NA
    > grDevices::dev.off()
    null device
     1
    > ###
    > ### Local variables: ***
    > ### mode: outline-minor ***
    > ### outline-regexp: "\\(> \\)?### [*]+" ***
    > ### End: ***
    > quit('no')
    ======== End of example output (where/before crash/hang up occured ?) ========
Flavor: r-release-windows-x86_64