CRAN Package Check Results for Package rscala

Last updated on 2019-08-18 04:46:22 CEST.

Flavor Version Tinstall Tcheck Ttotal Status Flags
r-devel-linux-x86_64-debian-clang 3.2.15 21.20 96.71 117.91 OK
r-devel-linux-x86_64-debian-gcc 3.2.15 18.32 76.58 94.90 OK
r-devel-linux-x86_64-fedora-gcc 3.2.15 130.64 OK
r-devel-windows-ix86+x86_64 3.2.15 22.00 205.00 227.00 OK
r-patched-linux-x86_64 3.2.15 22.19 96.24 118.43 OK
r-release-linux-x86_64 3.2.15 22.58 97.40 119.98 OK
r-release-windows-ix86+x86_64 3.2.15 16.00 193.00 209.00 OK
r-release-osx-x86_64 3.2.15 NOTE
r-oldrel-windows-ix86+x86_64 3.2.15 17.00 226.00 243.00 OK
r-oldrel-osx-x86_64 3.2.15 NOTE

Check Details

Version: 3.2.15
Check: installed package size
Result: NOTE
     installed size is 22.1Mb
     sub-directories of 1Mb or more:
     dependencies 21.0Mb
Flavors: r-release-osx-x86_64, r-oldrel-osx-x86_64