CRAN Package Check Results for Package rscala

Last updated on 2021-04-11 19:52:18 CEST.

Flavor Version Tinstall Tcheck Ttotal Status Flags
r-devel-linux-x86_64-debian-clang 3.2.19 20.15 149.87 170.02 NOTE
r-devel-linux-x86_64-debian-gcc 3.2.19 19.03 115.21 134.24 NOTE
r-devel-linux-x86_64-fedora-clang 3.2.19 76.37 NOTE
r-devel-linux-x86_64-fedora-gcc 3.2.19 69.21 NOTE
r-devel-windows-ix86+x86_64 3.2.19 20.00 250.00 270.00 NOTE
r-devel-windows-x86_64-gcc10-UCRT 3.2.19 NOTE
r-patched-linux-x86_64 3.2.19 24.09 149.05 173.14 OK
r-release-linux-x86_64 3.2.19 20.79 149.23 170.02 OK
r-release-macos-x86_64 3.2.19 NOTE
r-release-windows-ix86+x86_64 3.2.19 15.00 252.00 267.00 OK
r-oldrel-macos-x86_64 3.2.19 NOTE
r-oldrel-windows-ix86+x86_64 3.2.19 16.00 198.00 214.00 OK

Check Details

Version: 3.2.19
Check: LazyData
Result: NOTE
     'LazyData' is specified without a 'data' directory
Flavors: r-devel-linux-x86_64-debian-clang, r-devel-linux-x86_64-debian-gcc, r-devel-linux-x86_64-fedora-clang, r-devel-linux-x86_64-fedora-gcc, r-devel-windows-ix86+x86_64, r-devel-windows-x86_64-gcc10-UCRT

Version: 3.2.19
Check: installed package size
Result: NOTE
     installed size is 21.4Mb
     sub-directories of 1Mb or more:
     dependencies 20.2Mb
Flavors: r-release-macos-x86_64, r-oldrel-macos-x86_64