Last updated on 2022-07-04 03:52:28 CEST.
Flavor | Version | Tinstall | Tcheck | Ttotal | Status | Flags |
---|---|---|---|---|---|---|
r-devel-linux-x86_64-debian-clang | 0.8.26 | 5.91 | 62.88 | 68.79 | OK | |
r-devel-linux-x86_64-debian-gcc | 0.8.26 | 6.74 | 47.17 | 53.91 | OK | |
r-devel-linux-x86_64-fedora-clang | 0.8.26 | 94.88 | NOTE | |||
r-devel-linux-x86_64-fedora-gcc | 0.8.26 | 93.06 | OK | |||
r-devel-windows-x86_64 | 0.8.26 | 79.00 | 96.00 | 175.00 | OK | |
r-patched-linux-x86_64 | 0.8.26 | 8.02 | 60.27 | 68.29 | OK | |
r-release-linux-x86_64 | 0.8.26 | 8.34 | 61.27 | 69.61 | OK | |
r-release-macos-arm64 | 0.8.26 | 29.00 | OK | |||
r-release-macos-x86_64 | 0.8.26 | 41.00 | OK | |||
r-release-windows-x86_64 | 0.8.26 | 113.00 | 95.00 | 208.00 | OK | |
r-oldrel-macos-arm64 | 0.8.26 | 26.00 | OK | |||
r-oldrel-macos-x86_64 | 0.8.26 | 40.00 | OK | |||
r-oldrel-windows-ix86+x86_64 | 0.8.26 | 14.00 | 79.00 | 93.00 | OK |
Version: 0.8.26
Check: Rd cross-references
Result: NOTE
Undeclared packages ‘keras’, ‘tensorflow’, ‘devtools’ in Rd xrefs
Flavor: r-devel-linux-x86_64-fedora-clang