CRAN Package Check Results for Package rscontract

Last updated on 2024-03-02 13:50:32 CET.

Flavor Version Tinstall Tcheck Ttotal Status Flags
r-devel-linux-x86_64-debian-clang 0.1.2 1.95 23.55 25.50 NOTE
r-devel-linux-x86_64-debian-gcc 0.1.2 1.53 18.29 19.82 NOTE
r-devel-linux-x86_64-fedora-clang 0.1.2 31.60 NOTE
r-devel-linux-x86_64-fedora-gcc 0.1.2 29.95 NOTE
r-devel-windows-x86_64 0.1.2 3.00 40.00 43.00 NOTE
r-patched-linux-x86_64 0.1.2 2.64 22.90 25.54 NOTE
r-release-linux-x86_64 0.1.2 2.18 22.71 24.89 NOTE
r-release-macos-arm64 0.1.2 15.00 NOTE
r-release-macos-x86_64 0.1.2 20.00 NOTE
r-release-windows-x86_64 0.1.2 3.00 40.00 43.00 NOTE
r-oldrel-macos-arm64 0.1.2 16.00 NOTE
r-oldrel-windows-x86_64 0.1.2 4.00 43.00 47.00 NOTE

Check Details

Version: 0.1.2
Check: LazyData
Result: NOTE 'LazyData' is specified without a 'data' directory Flavors: r-devel-linux-x86_64-debian-clang, r-devel-linux-x86_64-debian-gcc, r-devel-linux-x86_64-fedora-clang, r-devel-linux-x86_64-fedora-gcc, r-devel-windows-x86_64, r-patched-linux-x86_64, r-release-linux-x86_64, r-release-macos-arm64, r-release-macos-x86_64, r-release-windows-x86_64, r-oldrel-macos-arm64, r-oldrel-windows-x86_64