CRAN Package Check Results for Package rscorecard

Last updated on 2022-07-03 09:52:55 CEST.

Flavor Version Tinstall Tcheck Ttotal Status Flags
r-devel-linux-x86_64-debian-clang 0.22.0 3.48 33.60 37.08 OK
r-devel-linux-x86_64-debian-gcc 0.22.0 2.71 26.05 28.76 OK
r-devel-linux-x86_64-fedora-clang 0.22.0 54.89 NOTE
r-devel-linux-x86_64-fedora-gcc 0.22.0 54.39 NOTE
r-devel-windows-x86_64 0.22.0 15.00 60.00 75.00 OK
r-patched-linux-x86_64 0.22.0 3.36 33.02 36.38 OK
r-release-linux-x86_64 0.22.0 2.32 32.76 35.08 OK
r-release-macos-arm64 0.22.0 19.00 NOTE
r-release-macos-x86_64 0.22.0 31.00 NOTE
r-release-windows-x86_64 0.22.0 24.00 65.00 89.00 OK
r-oldrel-macos-arm64 0.22.0 19.00 NOTE
r-oldrel-macos-x86_64 0.22.0 26.00 NOTE
r-oldrel-windows-ix86+x86_64 0.22.0 8.00 49.00 57.00 OK

Check Details

Version: 0.22.0
Check: dependencies in R code
Result: NOTE
    Namespace in Imports field not imported from: ‘tidyselect’
     All declared Imports should be used.
Flavors: r-devel-linux-x86_64-fedora-clang, r-devel-linux-x86_64-fedora-gcc, r-release-macos-arm64, r-release-macos-x86_64, r-oldrel-macos-arm64, r-oldrel-macos-x86_64