CRAN Package Check Results for Package rsdmx

Last updated on 2021-08-05 21:51:15 CEST.

Flavor Version Tinstall Tcheck Ttotal Status Flags
r-devel-linux-x86_64-debian-clang 0.6 11.57 119.23 130.80 OK
r-devel-linux-x86_64-debian-gcc 0.6 8.20 87.58 95.78 OK
r-devel-linux-x86_64-fedora-clang 0.6 157.26 OK
r-devel-linux-x86_64-fedora-gcc 0.6 149.47 OK
r-devel-windows-x86_64 0.6 17.00 155.00 172.00 OK
r-devel-windows-x86_64-gcc10-UCRT 0.6 ERROR
r-patched-linux-x86_64 0.6 15.28 111.37 126.65 OK
r-patched-solaris-x86 0.6 185.80 OK
r-release-linux-x86_64 0.6 10.84 112.91 123.75 OK
r-release-macos-arm64 0.6 OK
r-release-macos-x86_64 0.6 OK
r-release-windows-ix86+x86_64 0.6 20.00 159.00 179.00 OK
r-oldrel-macos-x86_64 0.6 OK
r-oldrel-windows-ix86+x86_64 0.6 21.00 151.00 172.00 OK

Check Details

Version: 0.6
Check: package dependencies
Result: NOTE
    Packages suggested but not available for checking: 'testthat', 'roxygen2'
Flavor: r-devel-windows-x86_64-gcc10-UCRT

Version: 0.6
Check: tests
Result: ERROR
     Running 'test-all.R'
    Running the tests in 'tests/test-all.R' failed.
    Complete output:
     > library(testthat)
     Error in library(testthat) : there is no package called 'testthat'
     Execution halted
Flavor: r-devel-windows-x86_64-gcc10-UCRT