CRAN Package Check Results for Package rsf

Last updated on 2020-07-13 13:48:58 CEST.

Flavor Version Tinstall Tcheck Ttotal Status Flags
r-devel-linux-x86_64-debian-clang 0.2.2 1.98 18.31 20.29 OK
r-devel-linux-x86_64-debian-gcc 0.2.2 1.72 14.84 16.56 OK
r-devel-linux-x86_64-fedora-clang 0.2.2 33.88 OK
r-devel-linux-x86_64-fedora-gcc 0.2.2 24.67 OK
r-devel-windows-ix86+x86_64 0.2.2 7.00 45.00 52.00 OK
r-patched-linux-x86_64 0.2.2 2.18 18.56 20.74 OK
r-patched-solaris-x86 0.2.2 38.80 OK
r-release-linux-x86_64 0.2.2 1.99 18.64 20.63 OK
r-release-macos-x86_64 0.2.2 ERROR
r-release-windows-ix86+x86_64 0.2.2 12.00 32.00 44.00 OK
r-oldrel-macos-x86_64 0.2.2 OK
r-oldrel-windows-ix86+x86_64 0.2.2 6.00 29.00 35.00 OK

Check Details

Version: 0.2.2
Check: whether package can be installed
Result: ERROR
    Installation failed.
Flavor: r-release-macos-x86_64