CRAN Package Check Results for Package rsf

Last updated on 2021-10-24 22:50:34 CEST.

Flavor Version Tinstall Tcheck Ttotal Status Flags
r-devel-linux-x86_64-debian-clang 0.2.2 2.15 19.56 21.71 NOTE
r-devel-linux-x86_64-debian-gcc 0.2.2 1.76 15.58 17.34 NOTE
r-devel-linux-x86_64-fedora-clang 0.2.2 37.14 NOTE
r-devel-linux-x86_64-fedora-gcc 0.2.2 26.60 NOTE
r-devel-windows-x86_64 0.2.2 4.00 38.00 42.00 NOTE
r-devel-windows-x86_64-gcc10-UCRT 0.2.2 NOTE
r-patched-linux-x86_64 0.2.2 2.07 19.19 21.26 NOTE
r-patched-solaris-x86 0.2.2 42.50 NOTE
r-release-linux-x86_64 0.2.2 2.26 19.08 21.34 NOTE
r-release-macos-arm64 0.2.2 NOTE
r-release-macos-x86_64 0.2.2 NOTE
r-release-windows-ix86+x86_64 0.2.2 5.00 33.00 38.00 NOTE
r-oldrel-macos-x86_64 0.2.2 OK
r-oldrel-windows-ix86+x86_64 0.2.2 7.00 39.00 46.00 OK

Check Details

Version: 0.2.2
Check: LazyData
Result: NOTE
     'LazyData' is specified without a 'data' directory
Flavors: r-devel-linux-x86_64-debian-clang, r-devel-linux-x86_64-debian-gcc, r-devel-linux-x86_64-fedora-clang, r-devel-linux-x86_64-fedora-gcc, r-devel-windows-x86_64, r-devel-windows-x86_64-gcc10-UCRT, r-patched-linux-x86_64, r-patched-solaris-x86, r-release-linux-x86_64, r-release-macos-arm64, r-release-macos-x86_64, r-release-windows-ix86+x86_64