CRAN Package Check Results for Package rslp

Last updated on 2020-02-22 23:49:46 CET.

Flavor Version Tinstall Tcheck Ttotal Status Flags
r-devel-linux-x86_64-debian-clang 0.1.0 2.05 24.15 26.20 ERROR
r-devel-linux-x86_64-debian-gcc 0.1.0 1.56 18.86 20.42 OK
r-devel-linux-x86_64-fedora-clang 0.1.0 33.31 OK
r-devel-linux-x86_64-fedora-gcc 0.1.0 31.10 OK
r-devel-windows-ix86+x86_64 0.1.0 4.00 38.00 42.00 OK
r-devel-windows-ix86+x86_64-gcc8 0.1.0 9.00 39.00 48.00 OK
r-patched-linux-x86_64 0.1.0 OK
r-patched-solaris-x86 0.1.0 48.70 OK
r-release-linux-x86_64 0.1.0 1.70 21.90 23.60 OK
r-release-windows-ix86+x86_64 0.1.0 4.00 35.00 39.00 OK
r-release-osx-x86_64 0.1.0 OK
r-oldrel-windows-ix86+x86_64 0.1.0 3.00 36.00 39.00 OK
r-oldrel-osx-x86_64 0.1.0 OK

Check Details

Version: 0.1.0
Check: examples
Result: ERROR
    Running examples in 'rslp-Ex.R' failed
    The error most likely occurred in:
    
    > base::assign(".ptime", proc.time(), pos = "CheckExEnv")
    > ### Name: apply_rules
    > ### Title: Apply rules
    > ### Aliases: apply_rules
    >
    > ### ** Examples
    >
    > steprules <- readRDS(system.file("steprules.rds", package = "rslp"))
    > rslp:::apply_rules("balões", name = "Plural", steprules)
    Warning in stri_length(string) :
     invalid UTF-8 byte sequence detected; try calling stri_enc_toutf8()
    Error in if (word_len >= rules$min_word_len) { :
     missing value where TRUE/FALSE needed
    Calls: <Anonymous>
    Execution halted
Flavor: r-devel-linux-x86_64-debian-clang