CRAN Package Check Results for Package rslp

Last updated on 2019-09-18 21:46:25 CEST.

Flavor Version Tinstall Tcheck Ttotal Status Flags
r-devel-linux-x86_64-debian-clang 0.1.0 1.95 21.03 22.98 ERROR
r-devel-linux-x86_64-debian-gcc 0.1.0 1.61 17.12 18.73 OK
r-devel-linux-x86_64-fedora-clang 0.1.0 28.70 OK
r-devel-linux-x86_64-fedora-gcc 0.1.0 27.87 OK
r-devel-windows-ix86+x86_64 0.1.0 8.00 34.00 42.00 OK
r-patched-linux-x86_64 0.1.0 1.62 20.74 22.36 OK
r-patched-solaris-x86 0.1.0 42.90 OK
r-release-linux-x86_64 0.1.0 1.56 21.44 23.00 OK
r-release-windows-ix86+x86_64 0.1.0 5.00 42.00 47.00 OK
r-release-osx-x86_64 0.1.0 OK
r-oldrel-windows-ix86+x86_64 0.1.0 2.00 35.00 37.00 OK
r-oldrel-osx-x86_64 0.1.0 OK

Check Details

Version: 0.1.0
Check: examples
Result: ERROR
    Running examples in 'rslp-Ex.R' failed
    The error most likely occurred in:
    
    > base::assign(".ptime", proc.time(), pos = "CheckExEnv")
    > ### Name: apply_rules
    > ### Title: Apply rules
    > ### Aliases: apply_rules
    >
    > ### ** Examples
    >
    > steprules <- readRDS(system.file("steprules.rds", package = "rslp"))
    > rslp:::apply_rules("balões", name = "Plural", steprules)
    Warning in stri_length(string) :
     invalid UTF-8 byte sequence detected; try calling stri_enc_toutf8()
    Error in if (word_len >= rules$min_word_len) { :
     missing value where TRUE/FALSE needed
    Calls: <Anonymous>
    Execution halted
Flavor: r-devel-linux-x86_64-debian-clang