CRAN Package Check Results for Package rsm

Last updated on 2022-11-30 07:54:38 CET.

Flavor Version Tinstall Tcheck Ttotal Status Flags
r-devel-linux-x86_64-debian-clang 2.10.3 4.82 104.35 109.17 NOTE
r-devel-linux-x86_64-debian-gcc 2.10.3 3.59 80.94 84.53 NOTE
r-devel-linux-x86_64-fedora-clang 2.10.3 156.14 NOTE
r-devel-linux-x86_64-fedora-gcc 2.10.3 164.19 NOTE
r-devel-windows-x86_64 2.10.3 24.00 186.00 210.00 OK
r-patched-linux-x86_64 2.10.3 5.14 99.12 104.26 NOTE
r-release-linux-x86_64 2.10.3 3.97 103.42 107.39 NOTE
r-release-macos-arm64 2.10.3 43.00 OK
r-release-macos-x86_64 2.10.3 68.00 OK
r-release-windows-x86_64 2.10.3 27.00 197.00 224.00 OK
r-oldrel-macos-arm64 2.10.3 53.00 OK
r-oldrel-macos-x86_64 2.10.3 69.00 OK
r-oldrel-windows-ix86+x86_64 2.10.3 19.00 151.00 170.00 OK

Check Details

Version: 2.10.3
Check: package dependencies
Result: NOTE
    Package suggested but not available for checking: 'Vdgraph'
Flavors: r-devel-linux-x86_64-debian-clang, r-devel-linux-x86_64-debian-gcc, r-devel-linux-x86_64-fedora-clang, r-devel-linux-x86_64-fedora-gcc, r-patched-linux-x86_64, r-release-linux-x86_64

Version: 2.10.3
Check: Rd cross-references
Result: NOTE
    Unknown package 'Vdgraph' in Rd xrefs
Flavors: r-devel-linux-x86_64-debian-clang, r-devel-linux-x86_64-debian-gcc, r-devel-linux-x86_64-fedora-clang, r-devel-linux-x86_64-fedora-gcc, r-patched-linux-x86_64, r-release-linux-x86_64