CRAN Package Check Results for Package rsm

Last updated on 2021-06-13 09:49:28 CEST.

Flavor Version Tinstall Tcheck Ttotal Status Flags
r-devel-linux-x86_64-debian-clang 2.10.2 4.60 99.44 104.04 NOTE
r-devel-linux-x86_64-debian-gcc 2.10.2 3.89 77.00 80.89 NOTE
r-devel-linux-x86_64-fedora-clang 2.10.2 130.97 NOTE
r-devel-linux-x86_64-fedora-gcc 2.10.2 128.11 NOTE
r-devel-windows-x86_64 2.10.2 13.00 135.00 148.00 NOTE
r-devel-windows-x86_64-gcc10-UCRT 2.10.2 NOTE
r-patched-linux-x86_64 2.10.2 5.49 98.37 103.86 NOTE
r-patched-solaris-x86 2.10.2 179.10 NOTE
r-release-linux-x86_64 2.10.2 4.23 97.73 101.96 NOTE
r-release-macos-arm64 2.10.2 NOTE
r-release-macos-x86_64 2.10.2 NOTE
r-release-windows-ix86+x86_64 2.10.2 14.00 134.00 148.00 NOTE
r-oldrel-macos-x86_64 2.10.2 OK
r-oldrel-windows-ix86+x86_64 2.10.2 15.00 135.00 150.00 OK

Check Details

Version: 2.10.2
Check: LazyData
Result: NOTE
     'LazyData' is specified without a 'data' directory
Flavors: r-devel-linux-x86_64-debian-clang, r-devel-linux-x86_64-debian-gcc, r-devel-linux-x86_64-fedora-clang, r-devel-linux-x86_64-fedora-gcc, r-devel-windows-x86_64, r-devel-windows-x86_64-gcc10-UCRT, r-patched-linux-x86_64, r-patched-solaris-x86, r-release-linux-x86_64, r-release-macos-arm64, r-release-macos-x86_64, r-release-windows-ix86+x86_64