CRAN Package Check Results for Package rsmatch

Last updated on 2024-02-24 13:49:36 CET.

Flavor Version Tinstall Tcheck Ttotal Status Flags
r-devel-linux-x86_64-debian-clang 0.2.1 2.86 57.56 60.42 NOTE
r-devel-linux-x86_64-debian-gcc 0.2.1 2.30 42.19 44.49 NOTE
r-devel-linux-x86_64-fedora-clang 0.2.1 78.03 NOTE
r-devel-linux-x86_64-fedora-gcc 0.2.1 85.55 NOTE
r-devel-windows-x86_64 0.2.0 4.00 60.00 64.00 NOTE
r-patched-linux-x86_64 0.2.1 2.42 55.67 58.09 NOTE
r-release-linux-x86_64 0.2.0 2.55 53.01 55.56 NOTE
r-release-macos-arm64 0.2.1 46.00 NOTE
r-release-macos-x86_64 0.2.1 65.00 NOTE
r-release-windows-x86_64 0.2.1 5.00 65.00 70.00 NOTE
r-oldrel-macos-arm64 0.2.1 37.00 NOTE
r-oldrel-windows-x86_64 0.2.1 4.00 73.00 77.00 NOTE

Check Details

Version: 0.2.1
Check: package dependencies
Result: NOTE Package suggested but not available for checking: ‘gurobi’ Flavors: r-devel-linux-x86_64-debian-clang, r-devel-linux-x86_64-debian-gcc, r-devel-linux-x86_64-fedora-clang, r-devel-linux-x86_64-fedora-gcc, r-patched-linux-x86_64, r-release-macos-arm64, r-release-macos-x86_64, r-release-windows-x86_64, r-oldrel-macos-arm64, r-oldrel-windows-x86_64

Version: 0.2.0
Check: package dependencies
Result: NOTE Package suggested but not available for checking: 'gurobi' Flavors: r-devel-windows-x86_64, r-release-linux-x86_64