CRAN Package Check Results for Package rsmatrix

Last updated on 2021-05-15 16:48:32 CEST.

Flavor Version Tinstall Tcheck Ttotal Status Flags
r-devel-linux-x86_64-debian-clang 0.1.2 5.89 63.86 69.75 NOTE
r-devel-linux-x86_64-debian-gcc 0.1.2 5.32 49.10 54.42 NOTE
r-devel-linux-x86_64-fedora-clang 0.1.2 97.92 NOTE
r-devel-linux-x86_64-fedora-gcc 0.1.2 81.39 NOTE
r-devel-windows-ix86+x86_64 0.1.2 16.00 57.00 73.00 NOTE
r-devel-windows-x86_64-gcc10-UCRT 0.1.2 NOTE
r-patched-linux-x86_64 0.1.2 6.79 61.96 68.75 NOTE
r-patched-solaris-x86 0.1.2 122.80 NOTE
r-release-linux-x86_64 0.1.2 6.06 59.55 65.61 OK
r-release-macos-x86_64 0.1.2 OK
r-release-windows-ix86+x86_64 0.1.2 13.00 89.00 102.00 OK
r-oldrel-macos-x86_64 0.1.2 OK
r-oldrel-windows-ix86+x86_64 0.1.2 10.00 79.00 89.00 OK

Check Details

Version: 0.1.2
Check: LazyData
Result: NOTE
     'LazyData' is specified without a 'data' directory
Flavors: r-devel-linux-x86_64-debian-clang, r-devel-linux-x86_64-debian-gcc, r-devel-linux-x86_64-fedora-clang, r-devel-linux-x86_64-fedora-gcc, r-devel-windows-ix86+x86_64, r-devel-windows-x86_64-gcc10-UCRT, r-patched-linux-x86_64, r-patched-solaris-x86