CRAN Package Check Results for Package rsoi

Last updated on 2021-10-22 08:51:01 CEST.

Flavor Version Tinstall Tcheck Ttotal Status Flags
r-devel-linux-x86_64-debian-clang 0.5.4 3.24 26.06 29.30 NOTE
r-devel-linux-x86_64-debian-gcc 0.5.4 2.36 20.25 22.61 NOTE
r-devel-linux-x86_64-fedora-clang 0.5.4 45.42 NOTE
r-devel-linux-x86_64-fedora-gcc 0.5.4 34.68 NOTE
r-devel-windows-x86_64 0.5.4 5.00 37.00 42.00 NOTE
r-devel-windows-x86_64-gcc10-UCRT 0.5.4 NOTE
r-patched-linux-x86_64 0.5.4 3.27 25.37 28.64 NOTE
r-patched-solaris-x86 0.5.4 52.60 NOTE
r-release-linux-x86_64 0.5.4 2.56 24.92 27.48 NOTE
r-release-macos-arm64 0.5.4 NOTE
r-release-macos-x86_64 0.5.4 NOTE
r-release-windows-ix86+x86_64 0.5.4 5.00 44.00 49.00 NOTE
r-oldrel-macos-x86_64 0.5.4 OK
r-oldrel-windows-ix86+x86_64 0.5.4 7.00 50.00 57.00 OK

Check Details

Version: 0.5.4
Check: LazyData
Result: NOTE
     'LazyData' is specified without a 'data' directory
Flavors: r-devel-linux-x86_64-debian-clang, r-devel-linux-x86_64-debian-gcc, r-devel-linux-x86_64-fedora-clang, r-devel-linux-x86_64-fedora-gcc, r-devel-windows-x86_64, r-devel-windows-x86_64-gcc10-UCRT, r-patched-linux-x86_64, r-patched-solaris-x86, r-release-linux-x86_64, r-release-macos-arm64, r-release-macos-x86_64, r-release-windows-ix86+x86_64