CRAN Package Check Results for Package rsoi

Last updated on 2019-03-24 04:47:22 CET.

Flavor Version Tinstall Tcheck Ttotal Status Flags
r-devel-linux-x86_64-debian-clang 0.5.0 1.46 18.62 20.08 OK
r-devel-linux-x86_64-debian-gcc 0.5.0 1.41 15.15 16.56 OK
r-devel-linux-x86_64-fedora-clang 0.5.0 25.01 OK
r-devel-linux-x86_64-fedora-gcc 0.5.0 23.40 OK
r-devel-windows-ix86+x86_64 0.5.0 6.00 38.00 44.00 OK
r-patched-linux-x86_64 0.5.0 0.97 17.51 18.48 OK
r-patched-solaris-x86 0.5.0 35.10 OK
r-release-linux-x86_64 0.5.0 0.24 1.95 2.19 ERROR
r-release-windows-ix86+x86_64 0.5.0 3.00 29.00 32.00 OK
r-release-osx-x86_64 0.5.0 OK
r-oldrel-windows-ix86+x86_64 0.5.0 2.00 40.00 42.00 OK
r-oldrel-osx-x86_64 0.5.0 OK

Check Details

Version: 0.5.0
Check: whether package can be installed
Result: ERROR
    Installation failed.
Flavor: r-release-linux-x86_64