CRAN Package Check Results for Package rsolr

Last updated on 2020-04-06 08:50:26 CEST.

Flavor Version Tinstall Tcheck Ttotal Status Flags
r-devel-linux-x86_64-debian-clang 0.0.9 33.84 148.22 182.06 OK --no-vignettes
r-devel-linux-x86_64-debian-gcc 0.0.9 30.79 117.14 147.93 OK --no-vignettes
r-devel-linux-x86_64-fedora-clang 0.0.9 261.73 OK --no-vignettes
r-devel-linux-x86_64-fedora-gcc 0.0.9 223.78 OK --no-vignettes
r-devel-windows-ix86+x86_64 0.0.9 6.00 5.00 11.00 ERROR
r-devel-windows-ix86+x86_64-gcc8 0.0.9 4.00 7.00 11.00 ERROR
r-patched-linux-x86_64 0.0.9 32.35 144.92 177.27 OK --no-vignettes
r-release-linux-x86_64 0.0.9 27.54 129.79 157.33 OK --no-vignettes
r-release-windows-ix86+x86_64 0.0.9 44.00 0.00 44.00 FAIL
r-release-osx-x86_64 0.0.9 OK
r-oldrel-windows-ix86+x86_64 0.0.9 52.00 0.00 52.00 FAIL
r-oldrel-osx-x86_64 0.0.9 OK

Check Details

Version: 0.0.9
Check: whether package can be installed
Result: ERROR
    Installation failed.
Flavors: r-devel-windows-ix86+x86_64, r-devel-windows-ix86+x86_64-gcc8

Version: 0.0.9
Check: tests
Result: FAIL
    Check process probably crashed or hung up for 20 minutes ... killed
    Most likely this happened in the example checks (?),
    if not, ignore the following last lines of example output:
    > ### Name: SolrList-class
    > ### Title: SolrList
    > ### Aliases: class:SolrList SolrList-class length,SolrList-method
    > ### names,SolrList-method [<-,SolrList,ANY,ANY,ANY-method
    > ### [[,SolrList,ANY-method [,SolrList-method [[,SolrList-method
    > ### [[<-,SolrList-method unique,SolrList-method searchDocs
    > ### searchDocs,Solr SolrList coerce,Solr,SolrList-method
    > ### coerce,SolrList,DocCollection-method show,SolrList-method
    > ### Keywords: methods classes
    >
    > ### ** Examples
    >
    >
    >
    >
    > ### * <FOOTER>
    > ###
    > cleanEx()
    > options(digits = 7L)
    > base::cat("Time elapsed: ", proc.time() - base::get("ptime", pos = 'CheckExEnv'),"\n")
    Time elapsed: 4.72 0.27 5.19 NA NA
    > grDevices::dev.off()
    null device
     1
    > ###
    > ### Local variables: ***
    > ### mode: outline-minor ***
    > ### outline-regexp: "\\(> \\)?### [*]+" ***
    > ### End: ***
    > quit('no')
    ======== End of example output (where/before crash/hang up occured ?) ========
Flavor: r-release-windows-ix86+x86_64

Version: 0.0.9
Check: tests
Result: FAIL
    Check process probably crashed or hung up for 20 minutes ... killed
    Most likely this happened in the example checks (?),
    if not, ignore the following last lines of example output:
    > ### Name: SolrList-class
    > ### Title: SolrList
    > ### Aliases: class:SolrList SolrList-class length,SolrList-method
    > ### names,SolrList-method [<-,SolrList,ANY,ANY,ANY-method
    > ### [[,SolrList,ANY-method [,SolrList-method [[,SolrList-method
    > ### [[<-,SolrList-method unique,SolrList-method searchDocs
    > ### searchDocs,Solr SolrList coerce,Solr,SolrList-method
    > ### coerce,SolrList,DocCollection-method show,SolrList-method
    > ### Keywords: methods classes
    >
    > ### ** Examples
    >
    >
    >
    >
    > ### * <FOOTER>
    > ###
    > cleanEx()
    > options(digits = 7L)
    > base::cat("Time elapsed: ", proc.time() - base::get("ptime", pos = 'CheckExEnv'),"\n")
    Time elapsed: 3.07 0.14 3.22 NA NA
    > grDevices::dev.off()
    null device
     1
    > ###
    > ### Local variables: ***
    > ### mode: outline-minor ***
    > ### outline-regexp: "\\(> \\)?### [*]+" ***
    > ### End: ***
    > quit('no')
    ======== End of example output (where/before crash/hang up occured ?) ========
Flavor: r-oldrel-windows-ix86+x86_64